CRAN Package Check Results for Package rocsvm.path

Last updated on 2022-05-17 10:49:56 CEST.

Flavor Version Tinstall Tcheck Ttotal Status Flags
r-devel-linux-x86_64-debian-clang 0.1.0 4.69 54.21 58.90 NOTE
r-devel-linux-x86_64-debian-gcc 0.1.0 4.08 41.06 45.14 NOTE
r-devel-linux-x86_64-fedora-clang 0.1.0 73.24 NOTE
r-devel-linux-x86_64-fedora-gcc 0.1.0 69.15 NOTE
r-devel-windows-x86_64 0.1.0 16.00 65.00 81.00 NOTE
r-patched-linux-x86_64 0.1.0 4.22 51.45 55.67 NOTE
r-release-linux-x86_64 0.1.0 4.42 51.72 56.14 NOTE
r-release-macos-arm64 0.1.0 24.00 NOTE
r-release-macos-x86_64 0.1.0 29.00 NOTE
r-release-windows-x86_64 0.1.0 8.00 67.00 75.00 NOTE
r-oldrel-macos-arm64 0.1.0 25.00 NOTE
r-oldrel-macos-x86_64 0.1.0 38.00 NOTE
r-oldrel-windows-ix86+x86_64 0.1.0 12.00 57.00 69.00 NOTE

Check Details

Version: 0.1.0
Check: LazyData
Result: NOTE
     'LazyData' is specified without a 'data' directory
Flavors: r-devel-linux-x86_64-debian-clang, r-devel-linux-x86_64-debian-gcc, r-devel-linux-x86_64-fedora-clang, r-devel-linux-x86_64-fedora-gcc, r-devel-windows-x86_64, r-patched-linux-x86_64, r-release-linux-x86_64, r-release-macos-arm64, r-release-macos-x86_64, r-release-windows-x86_64, r-oldrel-macos-arm64, r-oldrel-macos-x86_64, r-oldrel-windows-ix86+x86_64