Last updated on 2023-02-05 09:57:29 CET.
Flavor | Version | Tinstall | Tcheck | Ttotal | Status | Flags |
---|---|---|---|---|---|---|
r-devel-linux-x86_64-debian-clang | 1.1 | 48.62 | 42.39 | 91.01 | OK | |
r-devel-linux-x86_64-debian-gcc | 1.1 | 38.07 | 32.84 | 70.91 | OK | |
r-devel-linux-x86_64-fedora-clang | 1.1 | 125.54 | OK | |||
r-devel-linux-x86_64-fedora-gcc | 1.1 | 118.57 | OK | |||
r-devel-windows-x86_64 | 1.1 | 49.00 | 100.00 | 149.00 | NOTE | |
r-patched-linux-x86_64 | 1.1 | 36.79 | 40.92 | 77.71 | OK | |
r-release-linux-x86_64 | 1.1 | 43.25 | 42.55 | 85.80 | OK | |
r-release-macos-arm64 | 1.1 | 36.00 | NOTE | |||
r-release-macos-x86_64 | 1.1 | 47.00 | NOTE | |||
r-release-windows-x86_64 | 1.1 | 52.00 | 99.00 | 151.00 | OK | |
r-oldrel-macos-arm64 | 1.1 | 35.00 | NOTE | |||
r-oldrel-macos-x86_64 | 1.1 | 73.00 | OK | |||
r-oldrel-windows-ix86+x86_64 | 1.1 | 111.00 | 107.00 | 218.00 | OK |
Version: 1.1
Check: C++ specification
Result: NOTE
Specified C++11: please update to current default of C++17
Flavor: r-devel-windows-x86_64
Version: 1.1
Check: installed package size
Result: NOTE
installed size is 5.0Mb
sub-directories of 1Mb or more:
libs 4.7Mb
Flavors: r-release-macos-arm64, r-release-macos-x86_64, r-oldrel-macos-arm64