Last updated on 2024-03-28 10:49:47 CET.
Flavor | Version | Tinstall | Tcheck | Ttotal | Status | Flags |
---|---|---|---|---|---|---|
r-devel-linux-x86_64-debian-clang | 1.2-3 | 34.97 | 115.23 | 150.20 | OK | |
r-devel-linux-x86_64-debian-gcc | 1.2-3 | 22.23 | 85.45 | 107.68 | OK | |
r-devel-linux-x86_64-fedora-clang | 1.2-3 | 188.55 | OK | |||
r-devel-linux-x86_64-fedora-gcc | 1.2-3 | 193.76 | OK | |||
r-devel-windows-x86_64 | 1.2-3 | 27.00 | 109.00 | 136.00 | OK | |
r-patched-linux-x86_64 | 1.2-3 | 29.96 | 110.29 | 140.25 | OK | |
r-release-linux-x86_64 | 1.2-3 | 29.27 | 108.68 | 137.95 | OK | |
r-release-macos-arm64 | 1.2-3 | 55.00 | OK | |||
r-release-macos-x86_64 | 1.2-3 | 91.00 | NOTE | |||
r-release-windows-x86_64 | 1.2-3 | 34.00 | 140.00 | 174.00 | OK | |
r-oldrel-macos-arm64 | 1.2-3 | 58.00 | OK | |||
r-oldrel-windows-x86_64 | 1.2-3 | 33.00 | 136.00 | 169.00 | OK |
Version: 1.2-3
Check: package dependencies
Result: NOTE
Package suggested but not available for checking: ‘robustbase’
Flavor: r-release-macos-x86_64