Last updated on 2023-02-04 10:54:45 CET.
Flavor | Version | Tinstall | Tcheck | Ttotal | Status | Flags |
---|---|---|---|---|---|---|
r-devel-linux-x86_64-debian-clang | 4.1.3 | 20.31 | 101.42 | 121.73 | NOTE | |
r-devel-linux-x86_64-debian-gcc | 4.1.3 | 17.88 | 74.47 | 92.35 | NOTE | |
r-devel-linux-x86_64-fedora-clang | 4.1.3 | 159.57 | NOTE | |||
r-devel-linux-x86_64-fedora-gcc | 4.1.3 | 157.49 | NOTE | |||
r-devel-windows-x86_64 | 4.1.3 | 93.00 | 150.00 | 243.00 | NOTE | |
r-patched-linux-x86_64 | 4.1.3 | 22.02 | 95.11 | 117.13 | OK | |
r-release-linux-x86_64 | 4.1.3 | 19.03 | 95.33 | 114.36 | OK | |
r-release-macos-arm64 | 4.1.3 | 44.00 | OK | |||
r-release-macos-x86_64 | 4.1.3 | 54.00 | OK | |||
r-release-windows-x86_64 | 4.1.3 | 58.00 | 155.00 | 213.00 | OK | |
r-oldrel-macos-arm64 | 4.1.3 | 46.00 | OK | |||
r-oldrel-macos-x86_64 | 4.1.3 | 56.00 | OK | |||
r-oldrel-windows-ix86+x86_64 | 4.1.3 | 52.00 | 181.00 | 233.00 | OK |
Version: 4.1.3
Check: C++ specification
Result: NOTE
Specified C++11: please update to current default of C++17
Flavors: r-devel-linux-x86_64-debian-clang, r-devel-linux-x86_64-debian-gcc, r-devel-linux-x86_64-fedora-clang, r-devel-linux-x86_64-fedora-gcc, r-devel-windows-x86_64