Last updated on 2024-03-28 10:49:46 CET.
Flavor | Version | Tinstall | Tcheck | Ttotal | Status | Flags |
---|---|---|---|---|---|---|
r-devel-linux-x86_64-debian-clang | 0.8.7 | 191.35 | 37.82 | 229.17 | NOTE | |
r-devel-linux-x86_64-debian-gcc | 0.8.7 | 183.75 | 28.86 | 212.61 | NOTE | |
r-devel-linux-x86_64-fedora-clang | 0.8.7 | 359.32 | NOTE | |||
r-devel-linux-x86_64-fedora-gcc | 0.8.7 | 400.39 | NOTE | |||
r-devel-windows-x86_64 | 0.8.7 | 160.00 | 82.00 | 242.00 | NOTE | |
r-patched-linux-x86_64 | 0.8.7 | 232.92 | 36.74 | 269.66 | NOTE | |
r-release-linux-x86_64 | 0.8.7 | 221.41 | 36.52 | 257.93 | OK | |
r-release-macos-arm64 | 0.8.7 | 95.00 | NOTE | |||
r-release-macos-x86_64 | 0.8.7 | 164.00 | NOTE | |||
r-release-windows-x86_64 | 0.8.7 | 197.00 | 90.00 | 287.00 | OK | |
r-oldrel-macos-arm64 | 0.8.7 | 92.00 | NOTE | |||
r-oldrel-windows-x86_64 | 0.8.7 | 180.00 | 91.00 | 271.00 | OK |
Version: 0.8.7
Check: Rd files
Result: NOTE
checkRd: (-1) rncl.Rd:53-55: Lost braces in \itemize; \value handles \item{}{} directly
checkRd: (-1) rncl.Rd:57: Lost braces in \itemize; \value handles \item{}{} directly
checkRd: (-1) rncl.Rd:59-63: Lost braces in \itemize; \value handles \item{}{} directly
checkRd: (-1) rncl.Rd:65-71: Lost braces in \itemize; \value handles \item{}{} directly
checkRd: (-1) rncl.Rd:73-78: Lost braces in \itemize; \value handles \item{}{} directly
checkRd: (-1) rncl.Rd:80-84: Lost braces in \itemize; \value handles \item{}{} directly
checkRd: (-1) rncl.Rd:86-90: Lost braces in \itemize; \value handles \item{}{} directly
checkRd: (-1) rncl.Rd:92-93: Lost braces in \itemize; \value handles \item{}{} directly
checkRd: (-1) rncl.Rd:95-96: Lost braces in \itemize; \value handles \item{}{} directly
checkRd: (-1) rncl.Rd:98-99: Lost braces in \itemize; \value handles \item{}{} directly
checkRd: (-1) rncl.Rd:101-102: Lost braces in \itemize; \value handles \item{}{} directly
checkRd: (-1) rncl.Rd:104-105: Lost braces in \itemize; \value handles \item{}{} directly
checkRd: (-1) rncl.Rd:107-110: Lost braces in \itemize; \value handles \item{}{} directly
checkRd: (-1) rncl.Rd:112-115: Lost braces in \itemize; \value handles \item{}{} directly
checkRd: (-1) rncl.Rd:117-119: Lost braces in \itemize; \value handles \item{}{} directly
checkRd: (-1) rncl.Rd:121-124: Lost braces in \itemize; \value handles \item{}{} directly
Flavors: r-devel-linux-x86_64-debian-clang, r-devel-linux-x86_64-debian-gcc, r-devel-linux-x86_64-fedora-clang, r-devel-linux-x86_64-fedora-gcc, r-devel-windows-x86_64, r-patched-linux-x86_64
Version: 0.8.7
Check: installed package size
Result: NOTE
installed size is 22.8Mb
sub-directories of 1Mb or more:
libs 22.6Mb
Flavors: r-release-macos-arm64, r-release-macos-x86_64, r-oldrel-macos-arm64