Last updated on 2024-04-19 10:57:39 CEST.
Flavor | Version | Tinstall | Tcheck | Ttotal | Status | Flags |
---|---|---|---|---|---|---|
r-devel-linux-x86_64-debian-clang | 0.1.1 | 158.38 | 38.76 | 197.14 | NOTE | |
r-devel-linux-x86_64-debian-gcc | 0.1.1 | NOTE | ||||
r-devel-linux-x86_64-fedora-clang | 0.1.1 | 288.93 | NOTE | |||
r-devel-linux-x86_64-fedora-gcc | 0.1.1 | 271.39 | NOTE | |||
r-prerel-macos-arm64 | 0.1.1 | 52.00 | NOTE | |||
r-prerel-windows-x86_64 | 0.1.1 | 58.00 | 73.00 | 131.00 | NOTE | |
r-patched-linux-x86_64 | 0.1.1 | 128.87 | 38.19 | 167.06 | NOTE | |
r-release-linux-x86_64 | 0.1.1 | 133.43 | 37.84 | 171.27 | NOTE | |
r-release-macos-arm64 | 0.1.1 | 52.00 | NOTE | |||
r-release-macos-x86_64 | 0.1.1 | 91.00 | NOTE | |||
r-release-windows-x86_64 | 0.1.1 | 66.00 | 80.00 | 146.00 | NOTE | |
r-oldrel-macos-arm64 | 0.1.1 | 57.00 | NOTE | |||
r-oldrel-windows-x86_64 | 0.1.1 | 72.00 | 80.00 | 152.00 | NOTE |
Version: 0.1.1
Check: LazyData
Result: NOTE
'LazyData' is specified without a 'data' directory
Flavors: r-devel-linux-x86_64-debian-clang, r-devel-linux-x86_64-debian-gcc, r-devel-linux-x86_64-fedora-clang, r-devel-linux-x86_64-fedora-gcc, r-prerel-macos-arm64, r-prerel-windows-x86_64, r-patched-linux-x86_64, r-release-linux-x86_64, r-release-macos-arm64, r-release-macos-x86_64, r-release-windows-x86_64, r-oldrel-macos-arm64, r-oldrel-windows-x86_64
Version: 0.1.1
Check: C++ specification
Result: NOTE
Specified C++11: please drop specification unless essential
Flavors: r-prerel-windows-x86_64, r-release-windows-x86_64