CRAN Package Check Results for Package rmdplugr

Last updated on 2023-01-27 10:50:27 CET.

Flavor Version Tinstall Tcheck Ttotal Status Flags
r-devel-linux-x86_64-debian-clang 0.4.1 2.42 32.88 35.30 NOTE
r-devel-linux-x86_64-debian-gcc 0.4.1 2.28 25.85 28.13 NOTE
r-devel-linux-x86_64-fedora-clang 0.4.1 46.70 NOTE
r-devel-linux-x86_64-fedora-gcc 0.4.1 60.24 NOTE
r-patched-linux-x86_64 0.4.1 3.29 33.03 36.32 NOTE
r-release-linux-x86_64 0.4.1 3.04 33.18 36.22 NOTE
r-release-macos-arm64 0.4.1 19.00 NOTE
r-release-macos-x86_64 0.4.1 28.00 NOTE
r-release-windows-x86_64 0.4.1 18.00 72.00 90.00 NOTE
r-oldrel-macos-arm64 0.4.1 23.00 NOTE
r-oldrel-macos-x86_64 0.4.1 30.00 NOTE
r-oldrel-windows-ix86+x86_64 0.4.1 8.00 64.00 72.00 NOTE

Check Details

Version: 0.4.1
Check: LazyData
Result: NOTE
     'LazyData' is specified without a 'data' directory
Flavors: r-devel-linux-x86_64-debian-clang, r-devel-linux-x86_64-debian-gcc, r-devel-linux-x86_64-fedora-clang, r-devel-linux-x86_64-fedora-gcc, r-patched-linux-x86_64, r-release-linux-x86_64, r-release-macos-arm64, r-release-macos-x86_64, r-release-windows-x86_64, r-oldrel-macos-arm64, r-oldrel-macos-x86_64, r-oldrel-windows-ix86+x86_64