CRAN Package Check Results for Package rma.exact

Last updated on 2023-02-03 09:55:44 CET.

Flavor Version Tinstall Tcheck Ttotal Status Flags
r-devel-linux-x86_64-debian-clang 0.1.0 3.10 31.95 35.05 NOTE
r-devel-linux-x86_64-debian-gcc 0.1.0 1.76 24.84 26.60 NOTE
r-devel-linux-x86_64-fedora-clang 0.1.0 44.19 NOTE
r-devel-linux-x86_64-fedora-gcc 0.1.0 44.90 NOTE
r-patched-linux-x86_64 0.1.0 2.07 30.56 32.63 NOTE
r-release-linux-x86_64 0.1.0 1.88 30.99 32.87 NOTE
r-release-macos-arm64 0.1.0 19.00 NOTE
r-release-macos-x86_64 0.1.0 23.00 NOTE
r-release-windows-x86_64 0.1.0 5.00 72.00 77.00 NOTE
r-oldrel-macos-arm64 0.1.0 22.00 NOTE
r-oldrel-macos-x86_64 0.1.0 31.00 NOTE
r-oldrel-windows-ix86+x86_64 0.1.0 6.00 58.00 64.00 NOTE

Check Details

Version: 0.1.0
Check: LazyData
Result: NOTE
     'LazyData' is specified without a 'data' directory
Flavors: r-devel-linux-x86_64-debian-clang, r-devel-linux-x86_64-debian-gcc, r-devel-linux-x86_64-fedora-clang, r-devel-linux-x86_64-fedora-gcc, r-patched-linux-x86_64, r-release-linux-x86_64, r-release-macos-arm64, r-release-macos-x86_64, r-release-windows-x86_64, r-oldrel-macos-arm64, r-oldrel-macos-x86_64, r-oldrel-windows-ix86+x86_64