CRAN Package Check Results for Package rlemon

Last updated on 2023-02-03 09:55:44 CET.

Flavor Version Tinstall Tcheck Ttotal Status Flags
r-devel-linux-x86_64-debian-clang 0.2.0 109.94 43.02 152.96 OK
r-devel-linux-x86_64-debian-gcc 0.2.0 94.81 33.87 128.68 WARN
r-devel-linux-x86_64-fedora-clang 0.2.0 192.01 WARN
r-devel-linux-x86_64-fedora-gcc 0.2.0 222.99 WARN
r-patched-linux-x86_64 0.2.0 114.18 41.29 155.47 OK
r-release-linux-x86_64 0.2.0 103.09 40.62 143.71 OK
r-release-macos-arm64 0.2.0 53.00 NOTE
r-release-macos-x86_64 0.2.0 66.00 NOTE
r-release-windows-x86_64 0.2.0 144.00 119.00 263.00 NOTE
r-oldrel-macos-arm64 0.2.0 45.00 NOTE
r-oldrel-macos-x86_64 0.2.0 68.00 NOTE
r-oldrel-windows-ix86+x86_64 0.2.0 210.00 111.00 321.00 NOTE

Check Details

Version: 0.2.0
Check: whether package can be installed
Result: WARN
    Found the following significant warnings:
     ../inst/lemon/maps.h:1973:21: warning: ‘template<class _Category, class _Tp, class _Distance, class _Pointer, class _Reference> struct std::iterator’ is deprecated [-Wdeprecated-declarations]
     ../inst/lemon/maps.h:3135:21: warning: ‘template<class _Category, class _Tp, class _Distance, class _Pointer, class _Reference> struct std::iterator’ is deprecated [-Wdeprecated-declarations]
    See ‘/home/hornik/tmp/R.check/r-devel-gcc/Work/PKGS/rlemon.Rcheck/00install.out’ for details.
    * used C++ compiler: ‘g++-12 (Debian 12.2.0-14) 12.2.0’
Flavor: r-devel-linux-x86_64-debian-gcc

Version: 0.2.0
Check: whether package can be installed
Result: WARN
    Found the following significant warnings:
     ../inst/lemon/bits/array_map.h:221:23: warning: 'construct' is deprecated [-Wdeprecated-declarations]
     ../inst/lemon/bits/array_map.h:221:23: warning: 'construct<lemon::ListGraphBase::Arc, lemon::ListGraphBase::Arc &>' is deprecated [-Wdeprecated-declarations]
     ../inst/lemon/bits/array_map.h:222:23: warning: 'destroy' is deprecated [-Wdeprecated-declarations]
     ../inst/lemon/bits/array_map.h:229:17: warning: 'construct' is deprecated [-Wdeprecated-declarations]
     ../inst/lemon/bits/array_map.h:229:17: warning: 'construct<lemon::ListGraphBase::Arc, lemon::ListGraphBase::Arc>' is deprecated [-Wdeprecated-declarations]
     ../inst/lemon/bits/array_map.h:263:21: warning: 'construct' is deprecated [-Wdeprecated-declarations]
     ../inst/lemon/bits/array_map.h:263:21: warning: 'construct<lemon::ListGraphBase::Arc, lemon::ListGraphBase::Arc &>' is deprecated [-Wdeprecated-declarations]
     ../inst/lemon/bits/array_map.h:264:21: warning: 'destroy' is deprecated [-Wdeprecated-declarations]
     ../inst/lemon/bits/array_map.h:272:19: warning: 'construct' is deprecated [-Wdeprecated-declarations]
     ../inst/lemon/bits/array_map.h:272:19: warning: 'construct<lemon::ListGraphBase::Arc, lemon::ListGraphBase::Arc>' is deprecated [-Wdeprecated-declarations]
     ../inst/lemon/bits/array_map.h:282:17: warning: 'destroy' is deprecated [-Wdeprecated-declarations]
     ../inst/lemon/bits/array_map.h:292:19: warning: 'destroy' is deprecated [-Wdeprecated-declarations]
     ../inst/lemon/bits/array_map.h:306:19: warning: 'construct' is deprecated [-Wdeprecated-declarations]
     ../inst/lemon/bits/array_map.h:306:19: warning: 'construct<lemon::ListGraphBase::Arc, lemon::ListGraphBase::Arc>' is deprecated [-Wdeprecated-declarations]
     ../inst/lemon/bits/array_map.h:320:21: warning: 'destroy' is deprecated [-Wdeprecated-declarations]
     ../inst/lemon/bits/array_map.h:91:19: warning: 'construct' is deprecated [-Wdeprecated-declarations]
     ../inst/lemon/bits/array_map.h:91:19: warning: 'construct<lemon::ListGraphBase::Arc, lemon::ListGraphBase::Arc>' is deprecated [-Wdeprecated-declarations]
     ../inst/lemon/bits/array_map.h:221:23: warning: 'construct<lemon::ListDigraphBase::Arc, lemon::ListDigraphBase::Arc &>' is deprecated [-Wdeprecated-declarations]
     ../inst/lemon/bits/array_map.h:229:17: warning: 'construct<lemon::ListDigraphBase::Arc, lemon::ListDigraphBase::Arc>' is deprecated [-Wdeprecated-declarations]
     ../inst/lemon/bits/array_map.h:263:21: warning: 'construct<lemon::ListDigraphBase::Arc, lemon::ListDigraphBase::Arc &>' is deprecated [-Wdeprecated-declarations]
     ../inst/lemon/bits/array_map.h:272:19: warning: 'construct<lemon::ListDigraphBase::Arc, lemon::ListDigraphBase::Arc>' is deprecated [-Wdeprecated-declarations]
     ../inst/lemon/bits/array_map.h:306:19: warning: 'construct<lemon::ListDigraphBase::Arc, lemon::ListDigraphBase::Arc>' is deprecated [-Wdeprecated-declarations]
     ../inst/lemon/bits/array_map.h:91:19: warning: 'construct<lemon::ListDigraphBase::Arc, lemon::ListDigraphBase::Arc>' is deprecated [-Wdeprecated-declarations]
     ../inst/lemon/bits/array_map.h:91:19: warning: 'construct<lemon::ListGraphBase::Node, lemon::ListGraphBase::Node>' is deprecated [-Wdeprecated-declarations]
     ../inst/lemon/bits/array_map.h:221:23: warning: 'construct<lemon::ListGraphBase::Node, lemon::ListGraphBase::Node &>' is deprecated [-Wdeprecated-declarations]
     ../inst/lemon/bits/array_map.h:229:17: warning: 'construct<lemon::ListGraphBase::Node, lemon::ListGraphBase::Node>' is deprecated [-Wdeprecated-declarations]
     ../inst/lemon/bits/array_map.h:263:21: warning: 'construct<lemon::ListGraphBase::Node, lemon::ListGraphBase::Node &>' is deprecated [-Wdeprecated-declarations]
     ../inst/lemon/bits/array_map.h:272:19: warning: 'construct<lemon::ListGraphBase::Node, lemon::ListGraphBase::Node>' is deprecated [-Wdeprecated-declarations]
     ../inst/lemon/bits/array_map.h:306:19: warning: 'construct<lemon::ListGraphBase::Node, lemon::ListGraphBase::Node>' is deprecated [-Wdeprecated-declarations]
     ../inst/lemon/bits/array_map.h:221:23: warning: 'construct<lemon::MaxWeightedPerfectFractionalMatching<lemon::ListGraph, lemon::GraphExtender<lemon::ListGraphBase>::EdgeMap<int>>::Status, lemon::MaxWeightedPerfectFractionalMatching<lemon::ListGraph, lemon::GraphExtender<lemon::ListGraphBase>::EdgeMap<int>>::Status &>' is deprecated [-Wdeprecated-declarations]
     ../inst/lemon/bits/array_map.h:229:17: warning: 'construct<lemon::MaxWeightedPerfectFractionalMatching<lemon::ListGraph, lemon::GraphExtender<lemon::ListGraphBase>::EdgeMap<int>>::Status, lemon::MaxWeightedPerfectFractionalMatching<lemon::ListGraph, lemon::GraphExtender<lemon::ListGraphBase>::EdgeMap<int>>::Status>' is deprecated [-Wdeprecated-declarations]
     ../inst/lemon/bits/array_map.h:263:21: warning: 'construct<lemon::MaxWeightedPerfectFractionalMatching<lemon::ListGraph, lemon::GraphExtender<lemon::ListGraphBase>::EdgeMap<int>>::Status, lemon::MaxWeightedPerfectFractionalMatching<lemon::ListGraph, lemon::GraphExtender<lemon::ListGraphBase>::EdgeMap<int>>::Status &>' is deprecated [-Wdeprecated-declarations]
     ../inst/lemon/bits/array_map.h:272:19: warning: 'construct<lemon::MaxWeightedPerfectFractionalMatching<lemon::ListGraph, lemon::GraphExtender<lemon::ListGraphBase>::EdgeMap<int>>::Status, lemon::MaxWeightedPerfectFractionalMatching<lemon::ListGraph, lemon::GraphExtender<lemon::ListGraphBase>::EdgeMap<int>>::Status>' is deprecated [-Wdeprecated-declarations]
     ../inst/lemon/bits/array_map.h:306:19: warning: 'construct<lemon::MaxWeightedPerfectFractionalMatching<lemon::ListGraph, lemon::GraphExtender<lemon::ListGraphBase>::EdgeMap<int>>::Status, lemon::MaxWeightedPerfectFractionalMatching<lemon::ListGraph, lemon::GraphExtender<lemon::ListGraphBase>::EdgeMap<int>>::Status>' is deprecated [-Wdeprecated-declarations]
     ../inst/lemon/bits/array_map.h:91:19: warning: 'construct<lemon::MaxWeightedPerfectFractionalMatching<lemon::ListGraph, lemon::GraphExtender<lemon::ListGraphBase>::EdgeMap<int>>::Status, lemon::MaxWeightedPerfectFractionalMatching<lemon::ListGraph, lemon::GraphExtender<lemon::ListGraphBase>::EdgeMap<int>>::Status>' is deprecated [-Wdeprecated-declarations]
     ../inst/lemon/bits/array_map.h:221:23: warning: 'construct<lemon::MaxWeightedFractionalMatching<lemon::ListGraph, lemon::GraphExtender<lemon::ListGraphBase>::EdgeMap<int>>::Status, lemon::MaxWeightedFractionalMatching<lemon::ListGraph, lemon::GraphExtender<lemon::ListGraphBase>::EdgeMap<int>>::Status &>' is deprecated [-Wdeprecated-declarations]
     ../inst/lemon/bits/array_map.h:229:17: warning: 'construct<lemon::MaxWeightedFractionalMatching<lemon::ListGraph, lemon::GraphExtender<lemon::ListGraphBase>::EdgeMap<int>>::Status, lemon::MaxWeightedFractionalMatching<lemon::ListGraph, lemon::GraphExtender<lemon::ListGraphBase>::EdgeMap<int>>::Status>' is deprecated [-Wdeprecated-declarations]
     ../inst/lemon/bits/array_map.h:263:21: warning: 'construct<lemon::MaxWeightedFractionalMatching<lemon::ListGraph, lemon::GraphExtender<lemon::ListGraphBase>::EdgeMap<int>>::Status, lemon::MaxWeightedFractionalMatching<lemon::ListGraph, lemon::GraphExtender<lemon::ListGraphBase>::EdgeMap<int>>::Status &>' is deprecated [-Wdeprecated-declarations]
     ../inst/lemon/bits/array_map.h:272:19: warning: 'construct<lemon::MaxWeightedFractionalMatching<lemon::ListGraph, lemon::GraphExtender<lemon::ListGraphBase>::EdgeMap<int>>::Status, lemon::MaxWeightedFractionalMatching<lemon::ListGraph, lemon::GraphExtender<lemon::ListGraphBase>::EdgeMap<int>>::Status>' is deprecated [-Wdeprecated-declarations]
     ../inst/lemon/bits/array_map.h:306:19: warning: 'construct<lemon::MaxWeightedFractionalMatching<lemon::ListGraph, lemon::GraphExtender<lemon::ListGraphBase>::EdgeMap<int>>::Status, lemon::MaxWeightedFractionalMatching<lemon::ListGraph, lemon::GraphExtender<lemon::ListGraphBase>::EdgeMap<int>>::Status>' is deprecated [-Wdeprecated-declarations]
     ../inst/lemon/bits/array_map.h:91:19: warning: 'construct<lemon::MaxWeightedFractionalMatching<lemon::ListGraph, lemon::GraphExtender<lemon::ListGraphBase>::EdgeMap<int>>::Status, lemon::MaxWeightedFractionalMatching<lemon::ListGraph, lemon::GraphExtender<lemon::ListGraphBase>::EdgeMap<int>>::Status>' is deprecated [-Wdeprecated-declarations]
     ../inst/lemon/bits/array_map.h:221:23: warning: 'construct<lemon::MaxMatching<lemon::ListGraph>::Status, lemon::MaxMatching<lemon::ListGraph>::Status &>' is deprecated [-Wdeprecated-declarations]
     ../inst/lemon/bits/array_map.h:229:17: warning: 'construct<lemon::MaxMatching<lemon::ListGraph>::Status, lemon::MaxMatching<lemon::ListGraph>::Status>' is deprecated [-Wdeprecated-declarations]
     ../inst/lemon/bits/array_map.h:263:21: warning: 'construct<lemon::MaxMatching<lemon::ListGraph>::Status, lemon::MaxMatching<lemon::ListGraph>::Status &>' is deprecated [-Wdeprecated-declarations]
     ../inst/lemon/bits/array_map.h:272:19: warning: 'construct<lemon::MaxMatching<lemon::ListGraph>::Status, lemon::MaxMatching<lemon::ListGraph>::Status>' is deprecated [-Wdeprecated-declarations]
     ../inst/lemon/bits/array_map.h:306:19: warning: 'construct<lemon::MaxMatching<lemon::ListGraph>::Status, lemon::MaxMatching<lemon::ListGraph>::Status>' is deprecated [-Wdeprecated-declarations]
     ../inst/lemon/bits/array_map.h:91:19: warning: 'construct<lemon::MaxMatching<lemon::ListGraph>::Status, lemon::MaxMatching<lemon::ListGraph>::Status>' is deprecated [-Wdeprecated-declarations]
     ../inst/lemon/bits/array_map.h:91:19: warning: 'construct<lemon::StaticDigraphBase::Arc, lemon::StaticDigraphBase::Arc>' is deprecated [-Wdeprecated-declarations]
     ../inst/lemon/bits/array_map.h:91:19: warning: 'construct<std::vector<lemon::StaticDigraphBase::Arc>, std::vector<lemon::StaticDigraphBase::Arc>>' is deprecated [-Wdeprecated-declarations]
     ../inst/lemon/bits/array_map.h:221:23: warning: 'construct<lemon::StaticDigraphBase::Arc, lemon::StaticDigraphBase::Arc &>' is deprecated [-Wdeprecated-declarations]
     ../inst/lemon/bits/array_map.h:229:17: warning: 'construct<lemon::StaticDigraphBase::Arc, lemon::StaticDigraphBase::Arc>' is deprecated [-Wdeprecated-declarations]
     ../inst/lemon/bits/array_map.h:263:21: warning: 'construct<lemon::StaticDigraphBase::Arc, lemon::StaticDigraphBase::Arc &>' is deprecated [-Wdeprecated-declarations]
     ../inst/lemon/bits/array_map.h:272:19: warning: 'construct<lemon::StaticDigraphBase::Arc, lemon::StaticDigraphBase::Arc>' is deprecated [-Wdeprecated-declarations]
     ../inst/lemon/bits/array_map.h:306:19: warning: 'construct<lemon::StaticDigraphBase::Arc, lemon::StaticDigraphBase::Arc>' is deprecated [-Wdeprecated-declarations]
     ../inst/lemon/bits/array_map.h:221:23: warning: 'construct<std::vector<lemon::StaticDigraphBase::Arc>, std::vector<lemon::StaticDigraphBase::Arc> &>' is deprecated [-Wdeprecated-declarations]
     ../inst/lemon/bits/array_map.h:229:17: warning: 'construct<std::vector<lemon::StaticDigraphBase::Arc>, std::vector<lemon::StaticDigraphBase::Arc>>' is deprecated [-Wdeprecated-declarations]
     ../inst/lemon/bits/array_map.h:263:21: warning: 'construct<std::vector<lemon::StaticDigraphBase::Arc>, std::vector<lemon::StaticDigraphBase::Arc> &>' is deprecated [-Wdeprecated-declarations]
     ../inst/lemon/bits/array_map.h:272:19: warning: 'construct<std::vector<lemon::StaticDigraphBase::Arc>, std::vector<lemon::StaticDigraphBase::Arc>>' is deprecated [-Wdeprecated-declarations]
     ../inst/lemon/bits/array_map.h:306:19: warning: 'construct<std::vector<lemon::StaticDigraphBase::Arc>, std::vector<lemon::StaticDigraphBase::Arc>>' is deprecated [-Wdeprecated-declarations]
     ../inst/lemon/bits/array_map.h:91:19: warning: 'construct<std::vector<lemon::HartmannOrlinMmc<lemon::StaticDigraph, lemon::CycleCanceling<lemon::ListDigraph>::StaticVectorMap<lemon::StaticDigraphBase::Arc, int>, lemon::HartmannOrlinMmc<lemon::StaticDigraph, lemon::CycleCanceling<lemon::ListDigraph>::StaticVectorMap<lemon::StaticDigraphBase::Arc, int>, lemon::HartmannOrlinMmcDefaultTraits<lemon::StaticDigraph, lemon::CycleCanceling<lemon::ListDigraph>::StaticVectorMap<lemon::StaticDigraphBase::Arc, int>, true>>::SetPathTraits<lemon::Path<lemon::StaticDigraph>>>::PathData>, std::vector<lemon::HartmannOrlinMmc<lemon::StaticDigraph, lemon::CycleCanceling<lemon::ListDigraph>::StaticVectorMap<lemon::StaticDigraphBase::Arc, int>, lemon::HartmannOrlinMmc<lemon::StaticDigraph, lemon::CycleCanceling<lemon::ListDigraph>::StaticVectorMap<lemon::StaticDigraphBase::Arc, int>, lemon::HartmannOrlinMmcDefaultTraits<lemon::StaticDigraph, lemon::CycleCanceling<lemon::ListDigraph>::StaticVectorMap<lemon::StaticDigraphBase::Arc, int>, true>>::SetPathTraits<lemon::Path<lemon::StaticDigraph>>>::PathData>>' is deprecated [-Wdeprecated-declarations]
     ../inst/lemon/bits/array_map.h:221:23: warning: 'construct<std::vector<lemon::HartmannOrlinMmc<lemon::StaticDigraph, lemon::CycleCanceling<lemon::ListDigraph>::StaticVectorMap<lemon::StaticDigraphBase::Arc, int>, lemon::HartmannOrlinMmc<lemon::StaticDigraph, lemon::CycleCanceling<lemon::ListDigraph>::StaticVectorMap<lemon::StaticDigraphBase::Arc, int>, lemon::HartmannOrlinMmcDefaultTraits<lemon::StaticDigraph, lemon::CycleCanceling<lemon::ListDigraph>::StaticVectorMap<lemon::StaticDigraphBase::Arc, int>, true>>::SetPathTraits<lemon::Path<lemon::StaticDigraph>>>::PathData>, std::vector<lemon::HartmannOrlinMmc<lemon::StaticDigraph, lemon::CycleCanceling<lemon::ListDigraph>::StaticVectorMap<lemon::StaticDigraphBase::Arc, int>, lemon::HartmannOrlinMmc<lemon::StaticDigraph, lemon::CycleCanceling<lemon::ListDigraph>::StaticVectorMap<lemon::StaticDigraphBase::Arc, int>, lemon::HartmannOrlinMmcDefaultTraits<lemon::StaticDigraph, lemon::CycleCanceling<lemon::ListDigraph>::StaticVectorMap<lemon::StaticDigraphBase::Arc, int>, true>>::SetPathTraits<lemon::Path<lemon::StaticDigraph>>>::PathData> &>' is deprecated [-Wdeprecated-declarations]
     ../inst/lemon/bits/array_map.h:229:17: warning: 'construct<std::vector<lemon::HartmannOrlinMmc<lemon::StaticDigraph, lemon::CycleCanceling<lemon::ListDigraph>::StaticVectorMap<lemon::StaticDigraphBase::Arc, int>, lemon::HartmannOrlinMmc<lemon::StaticDigraph, lemon::CycleCanceling<lemon::ListDigraph>::StaticVectorMap<lemon::StaticDigraphBase::Arc, int>, lemon::HartmannOrlinMmcDefaultTraits<lemon::StaticDigraph, lemon::CycleCanceling<lemon::ListDigraph>::StaticVectorMap<lemon::StaticDigraphBase::Arc, int>, true>>::SetPathTraits<lemon::Path<lemon::StaticDigraph>>>::PathData>, std::vector<lemon::HartmannOrlinMmc<lemon::StaticDigraph, lemon::CycleCanceling<lemon::ListDigraph>::StaticVectorMap<lemon::StaticDigraphBase::Arc, int>, lemon::HartmannOrlinMmc<lemon::StaticDigraph, lemon::CycleCanceling<lemon::ListDigraph>::StaticVectorMap<lemon::StaticDigraphBase::Arc, int>, lemon::HartmannOrlinMmcDefaultTraits<lemon::StaticDigraph, lemon::CycleCanceling<lemon::ListDigraph>::StaticVectorMap<lemon::StaticDigraphBase::Arc, int>, true>>::SetPathTraits<lemon::Path<lemon::StaticDigraph>>>::PathData>>' is deprecated [-Wdeprecated-declarations]
     ../inst/lemon/bits/array_map.h:263:21: warning: 'construct<std::vector<lemon::HartmannOrlinMmc<lemon::StaticDigraph, lemon::CycleCanceling<lemon::ListDigraph>::StaticVectorMap<lemon::StaticDigraphBase::Arc, int>, lemon::HartmannOrlinMmc<lemon::StaticDigraph, lemon::CycleCanceling<lemon::ListDigraph>::StaticVectorMap<lemon::StaticDigraphBase::Arc, int>, lemon::HartmannOrlinMmcDefaultTraits<lemon::StaticDigraph, lemon::CycleCanceling<lemon::ListDigraph>::StaticVectorMap<lemon::StaticDigraphBase::Arc, int>, true>>::SetPathTraits<lemon::Path<lemon::StaticDigraph>>>::PathData>, std::vector<lemon::HartmannOrlinMmc<lemon::StaticDigraph, lemon::CycleCanceling<lemon::ListDigraph>::StaticVectorMap<lemon::StaticDigraphBase::Arc, int>, lemon::HartmannOrlinMmc<lemon::StaticDigraph, lemon::CycleCanceling<lemon::ListDigraph>::StaticVectorMap<lemon::StaticDigraphBase::Arc, int>, lemon::HartmannOrlinMmcDefaultTraits<lemon::StaticDigraph, lemon::CycleCanceling<lemon::ListDigraph>::StaticVectorMap<lemon::StaticDigraphBase::Arc, int>, true>>::SetPathTraits<lemon::Path<lemon::StaticDigraph>>>::PathData> &>' is deprecated [-Wdeprecated-declarations]
     ../inst/lemon/bits/array_map.h:272:19: warning: 'construct<std::vector<lemon::HartmannOrlinMmc<lemon::StaticDigraph, lemon::CycleCanceling<lemon::ListDigraph>::StaticVectorMap<lemon::StaticDigraphBase::Arc, int>, lemon::HartmannOrlinMmc<lemon::StaticDigraph, lemon::CycleCanceling<lemon::ListDigraph>::StaticVectorMap<lemon::StaticDigraphBase::Arc, int>, lemon::HartmannOrlinMmcDefaultTraits<lemon::StaticDigraph, lemon::CycleCanceling<lemon::ListDigraph>::StaticVectorMap<lemon::StaticDigraphBase::Arc, int>, true>>::SetPathTraits<lemon::Path<lemon::StaticDigraph>>>::PathData>, std::vector<lemon::HartmannOrlinMmc<lemon::StaticDigraph, lemon::CycleCanceling<lemon::ListDigraph>::StaticVectorMap<lemon::StaticDigraphBase::Arc, int>, lemon::HartmannOrlinMmc<lemon::StaticDigraph, lemon::CycleCanceling<lemon::ListDigraph>::StaticVectorMap<lemon::StaticDigraphBase::Arc, int>, lemon::HartmannOrlinMmcDefaultTraits<lemon::StaticDigraph, lemon::CycleCanceling<lemon::ListDigraph>::StaticVectorMap<lemon::StaticDigraphBase::Arc, int>, true>>::SetPathTraits<lemon::Path<lemon::StaticDigraph>>>::PathData>>' is deprecated [-Wdeprecated-declarations]
     ../inst/lemon/bits/array_map.h:306:19: warning: 'construct<std::vector<lemon::HartmannOrlinMmc<lemon::StaticDigraph, lemon::CycleCanceling<lemon::ListDigraph>::StaticVectorMap<lemon::StaticDigraphBase::Arc, int>, lemon::HartmannOrlinMmc<lemon::StaticDigraph, lemon::CycleCanceling<lemon::ListDigraph>::StaticVectorMap<lemon::StaticDigraphBase::Arc, int>, lemon::HartmannOrlinMmcDefaultTraits<lemon::StaticDigraph, lemon::CycleCanceling<lemon::ListDigraph>::StaticVectorMap<lemon::StaticDigraphBase::Arc, int>, true>>::SetPathTraits<lemon::Path<lemon::StaticDigraph>>>::PathData>, std::vector<lemon::HartmannOrlinMmc<lemon::StaticDigraph, lemon::CycleCanceling<lemon::ListDigraph>::StaticVectorMap<lemon::StaticDigraphBase::Arc, int>, lemon::HartmannOrlinMmc<lemon::StaticDigraph, lemon::CycleCanceling<lemon::ListDigraph>::StaticVectorMap<lemon::StaticDigraphBase::Arc, int>, lemon::HartmannOrlinMmcDefaultTraits<lemon::StaticDigraph, lemon::CycleCanceling<lemon::ListDigraph>::StaticVectorMap<lemon::StaticDigraphBase::Arc, int>, true>>::SetPathTraits<lemon::Path<lemon::StaticDigraph>>>::PathData>>' is deprecated [-Wdeprecated-declarations]
     ../inst/lemon/bits/array_map.h:105:19: warning: 'construct' is deprecated [-Wdeprecated-declarations]
     ../inst/lemon/bits/array_map.h:105:19: warning: 'construct<std::pair<int, int>, const std::pair<int, int> &>' is deprecated [-Wdeprecated-declarations]
     ../inst/lemon/bits/array_map.h:221:23: warning: 'construct<std::pair<int, int>, std::pair<int, int> &>' is deprecated [-Wdeprecated-declarations]
     ../inst/lemon/bits/array_map.h:229:17: warning: 'construct<std::pair<int, int>, std::pair<int, int>>' is deprecated [-Wdeprecated-declarations]
     ../inst/lemon/bits/array_map.h:263:21: warning: 'construct<std::pair<int, int>, std::pair<int, int> &>' is deprecated [-Wdeprecated-declarations]
     ../inst/lemon/bits/array_map.h:272:19: warning: 'construct<std::pair<int, int>, std::pair<int, int>>' is deprecated [-Wdeprecated-declarations]
     ../inst/lemon/bits/array_map.h:306:19: warning: 'construct<std::pair<int, int>, std::pair<int, int>>' is deprecated [-Wdeprecated-declarations]
     ../inst/lemon/bits/array_map.h:91:19: warning: 'construct<std::vector<lemon::HartmannOrlinMmc<lemon::StaticDigraph, lemon::CycleCanceling<lemon::ListDigraph>::StaticVectorMap<lemon::StaticDigraphBase::Arc, int>, lemon::HartmannOrlinMmcDefaultTraits<lemon::StaticDigraph, lemon::CycleCanceling<lemon::ListDigraph>::StaticVectorMap<lemon::StaticDigraphBase::Arc, int>, true>>::PathData>, std::vector<lemon::HartmannOrlinMmc<lemon::StaticDigraph, lemon::CycleCanceling<lemon::ListDigraph>::StaticVectorMap<lemon::StaticDigraphBase::Arc, int>, lemon::HartmannOrlinMmcDefaultTraits<lemon::StaticDigraph, lemon::CycleCanceling<lemon::ListDigraph>::StaticVectorMap<lemon::StaticDigraphBase::Arc, int>, true>>::PathData>>' is deprecated [-Wdeprecated-declarations]
     ../inst/lemon/bits/array_map.h:221:23: warning: 'construct<std::vector<lemon::HartmannOrlinMmc<lemon::StaticDigraph, lemon::CycleCanceling<lemon::ListDigraph>::StaticVectorMap<lemon::StaticDigraphBase::Arc, int>, lemon::HartmannOrlinMmcDefaultTraits<lemon::StaticDigraph, lemon::CycleCanceling<lemon::ListDigraph>::StaticVectorMap<lemon::StaticDigraphBase::Arc, int>, true>>::PathData>, std::vector<lemon::HartmannOrlinMmc<lemon::StaticDigraph, lemon::CycleCanceling<lemon::ListDigraph>::StaticVectorMap<lemon::StaticDigraphBase::Arc, int>, lemon::HartmannOrlinMmcDefaultTraits<lemon::StaticDigraph, lemon::CycleCanceling<lemon::ListDigraph>::StaticVectorMap<lemon::StaticDigraphBase::Arc, int>, true>>::PathData> &>' is deprecated [-Wdeprecated-declarations]
     ../inst/lemon/bits/array_map.h:229:17: warning: 'construct<std::vector<lemon::HartmannOrlinMmc<lemon::StaticDigraph, lemon::CycleCanceling<lemon::ListDigraph>::StaticVectorMap<lemon::StaticDigraphBase::Arc, int>, lemon::HartmannOrlinMmcDefaultTraits<lemon::StaticDigraph, lemon::CycleCanceling<lemon::ListDigraph>::StaticVectorMap<lemon::StaticDigraphBase::Arc, int>, true>>::PathData>, std::vector<lemon::HartmannOrlinMmc<lemon::StaticDigraph, lemon::CycleCanceling<lemon::ListDigraph>::StaticVectorMap<lemon::StaticDigraphBase::Arc, int>, lemon::HartmannOrlinMmcDefaultTraits<lemon::StaticDigraph, lemon::CycleCanceling<lemon::ListDigraph>::StaticVectorMap<lemon::StaticDigraphBase::Arc, int>, true>>::PathData>>' is deprecated [-Wdeprecated-declarations]
     ../inst/lemon/bits/array_map.h:263:21: warning: 'construct<std::vector<lemon::HartmannOrlinMmc<lemon::StaticDigraph, lemon::CycleCanceling<lemon::ListDigraph>::StaticVectorMap<lemon::StaticDigraphBase::Arc, int>, lemon::HartmannOrlinMmcDefaultTraits<lemon::StaticDigraph, lemon::CycleCanceling<lemon::ListDigraph>::StaticVectorMap<lemon::StaticDigraphBase::Arc, int>, true>>::PathData>, std::vector<lemon::HartmannOrlinMmc<lemon::StaticDigraph, lemon::CycleCanceling<lemon::ListDigraph>::StaticVectorMap<lemon::StaticDigraphBase::Arc, int>, lemon::HartmannOrlinMmcDefaultTraits<lemon::StaticDigraph, lemon::CycleCanceling<lemon::ListDigraph>::StaticVectorMap<lemon::StaticDigraphBase::Arc, int>, true>>::PathData> &>' is deprecated [-Wdeprecated-declarations]
     ../inst/lemon/bits/array_map.h:272:19: warning: 'construct<std::vector<lemon::HartmannOrlinMmc<lemon::StaticDigraph, lemon::CycleCanceling<lemon::ListDigraph>::StaticVectorMap<lemon::StaticDigraphBase::Arc, int>, lemon::HartmannOrlinMmcDefaultTraits<lemon::StaticDigraph, lemon::CycleCanceling<lemon::ListDigraph>::StaticVectorMap<lemon::StaticDigraphBase::Arc, int>, true>>::PathData>, std::vector<lemon::HartmannOrlinMmc<lemon::StaticDigraph, lemon::CycleCanceling<lemon::ListDigraph>::StaticVectorMap<lemon::StaticDigraphBase::Arc, int>, lemon::HartmannOrlinMmcDefaultTraits<lemon::StaticDigraph, lemon::CycleCanceling<lemon::ListDigraph>::StaticVectorMap<lemon::StaticDigraphBase::Arc, int>, true>>::PathData>>' is deprecated [-Wdeprecated-declarations]
     ../inst/lemon/bits/array_map.h:306:19: warning: 'construct<std::vector<lemon::HartmannOrlinMmc<lemon::StaticDigraph, lemon::CycleCanceling<lemon::ListDigraph>::StaticVectorMap<lemon::StaticDigraphBase::Arc, int>, lemon::HartmannOrlinMmcDefaultTraits<lemon::StaticDigraph, lemon::CycleCanceling<lemon::ListDigraph>::StaticVectorMap<lemon::StaticDigraphBase::Arc, int>, true>>::PathData>, std::vector<lemon::HartmannOrlinMmc<lemon::StaticDigraph, lemon::CycleCanceling<lemon::ListDigraph>::StaticVectorMap<lemon::StaticDigraphBase::Arc, int>, lemon::HartmannOrlinMmcDefaultTraits<lemon::StaticDigraph, lemon::CycleCanceling<lemon::ListDigraph>::StaticVectorMap<lemon::StaticDigraphBase::Arc, int>, true>>::PathData>>' is deprecated [-Wdeprecated-declarations]
     ../inst/lemon/bits/array_map.h:221:23: warning: 'construct<lemon::NagamochiIbaraki<lemon::ListGraph, lemon::GraphExtender<lemon::ListGraphBase>::EdgeMap<int>>::NodeData, lemon::NagamochiIbaraki<lemon::ListGraph, lemon::GraphExtender<lemon::ListGraphBase>::EdgeMap<int>>::NodeData &>' is deprecated [-Wdeprecated-declarations]
     ../inst/lemon/bits/array_map.h:229:17: warning: 'construct<lemon::NagamochiIbaraki<lemon::ListGraph, lemon::GraphExtender<lemon::ListGraphBase>::EdgeMap<int>>::NodeData, lemon::NagamochiIbaraki<lemon::ListGraph, lemon::GraphExtender<lemon::ListGraphBase>::EdgeMap<int>>::NodeData>' is deprecated [-Wdeprecated-declarations]
     ../inst/lemon/bits/array_map.h:263:21: warning: 'construct<lemon::NagamochiIbaraki<lemon::ListGraph, lemon::GraphExtender<lemon::ListGraphBase>::EdgeMap<int>>::NodeData, lemon::NagamochiIbaraki<lemon::ListGraph, lemon::GraphExtender<lemon::ListGraphBase>::EdgeMap<int>>::NodeData &>' is deprecated [-Wdeprecated-declarations]
     ../inst/lemon/bits/array_map.h:272:19: warning: 'construct<lemon::NagamochiIbaraki<lemon::ListGraph, lemon::GraphExtender<lemon::ListGraphBase>::EdgeMap<int>>::NodeData, lemon::NagamochiIbaraki<lemon::ListGraph, lemon::GraphExtender<lemon::ListGraphBase>::EdgeMap<int>>::NodeData>' is deprecated [-Wdeprecated-declarations]
     ../inst/lemon/bits/array_map.h:306:19: warning: 'construct<lemon::NagamochiIbaraki<lemon::ListGraph, lemon::GraphExtender<lemon::ListGraphBase>::EdgeMap<int>>::NodeData, lemon::NagamochiIbaraki<lemon::ListGraph, lemon::GraphExtender<lemon::ListGraphBase>::EdgeMap<int>>::NodeData>' is deprecated [-Wdeprecated-declarations]
     ../inst/lemon/bits/array_map.h:91:19: warning: 'construct<lemon::NagamochiIbaraki<lemon::ListGraph, lemon::GraphExtender<lemon::ListGraphBase>::EdgeMap<int>>::NodeData, lemon::NagamochiIbaraki<lemon::ListGraph, lemon::GraphExtender<lemon::ListGraphBase>::EdgeMap<int>>::NodeData>' is deprecated [-Wdeprecated-declarations]
     ../inst/lemon/bits/array_map.h:221:23: warning: 'construct<lemon::ListDigraphBase::Node, lemon::ListDigraphBase::Node &>' is deprecated [-Wdeprecated-declarations]
     ../inst/lemon/bits/array_map.h:229:17: warning: 'construct<lemon::ListDigraphBase::Node, lemon::ListDigraphBase::Node>' is deprecated [-Wdeprecated-declarations]
     ../inst/lemon/bits/array_map.h:263:21: warning: 'construct<lemon::ListDigraphBase::Node, lemon::ListDigraphBase::Node &>' is deprecated [-Wdeprecated-declarations]
     ../inst/lemon/bits/array_map.h:272:19: warning: 'construct<lemon::ListDigraphBase::Node, lemon::ListDigraphBase::Node>' is deprecated [-Wdeprecated-declarations]
     ../inst/lemon/bits/array_map.h:306:19: warning: 'construct<lemon::ListDigraphBase::Node, lemon::ListDigraphBase::Node>' is deprecated [-Wdeprecated-declarations]
     ../inst/lemon/bits/array_map.h:91:19: warning: 'construct<lemon::ListDigraphBase::Node, lemon::ListDigraphBase::Node>' is deprecated [-Wdeprecated-declarations]
     ../inst/lemon/bits/array_map.h:91:19: warning: 'construct<std::vector<lemon::ListDigraphBase::Arc>, std::vector<lemon::ListDigraphBase::Arc>>' is deprecated [-Wdeprecated-declarations]
     ../inst/lemon/bits/array_map.h:221:23: warning: 'construct<std::vector<lemon::ListDigraphBase::Arc>, std::vector<lemon::ListDigraphBase::Arc> &>' is deprecated [-Wdeprecated-declarations]
     ../inst/lemon/bits/array_map.h:229:17: warning: 'construct<std::vector<lemon::ListDigraphBase::Arc>, std::vector<lemon::ListDigraphBase::Arc>>' is deprecated [-Wdeprecated-declarations]
     ../inst/lemon/bits/array_map.h:263:21: warning: 'construct<std::vector<lemon::ListDigraphBase::Arc>, std::vector<lemon::ListDigraphBase::Arc> &>' is deprecated [-Wdeprecated-declarations]
     ../inst/lemon/bits/array_map.h:272:19: warning: 'construct<std::vector<lemon::ListDigraphBase::Arc>, std::vector<lemon::ListDigraphBase::Arc>>' is deprecated [-Wdeprecated-declarations]
     ../inst/lemon/bits/array_map.h:306:19: warning: 'construct<std::vector<lemon::ListDigraphBase::Arc>, std::vector<lemon::ListDigraphBase::Arc>>' is deprecated [-Wdeprecated-declarations]
     ../inst/lemon/bits/array_map.h:91:19: warning: 'construct<std::vector<lemon::KarpMmc<lemon::ListDigraph, lemon::DigraphExtender<lemon::ListDigraphBase>::ArcMap<int>, lemon::KarpMmcDefaultTraits<lemon::ListDigraph, lemon::DigraphExtender<lemon::ListDigraphBase>::ArcMap<int>, true>>::PathData>, std::vector<lemon::KarpMmc<lemon::ListDigraph, lemon::DigraphExtender<lemon::ListDigraphBase>::ArcMap<int>, lemon::KarpMmcDefaultTraits<lemon::ListDigraph, lemon::DigraphExtender<lemon::ListDigraphBase>::ArcMap<int>, true>>::PathData>>' is deprecated [-Wdeprecated-declarations]
     ../inst/lemon/bits/array_map.h:221:23: warning: 'construct<std::vector<lemon::KarpMmc<lemon::ListDigraph, lemon::DigraphExtender<lemon::ListDigraphBase>::ArcMap<int>, lemon::KarpMmcDefaultTraits<lemon::ListDigraph, lemon::DigraphExtender<lemon::ListDigraphBase>::ArcMap<int>, true>>::PathData>, std::vector<lemon::KarpMmc<lemon::ListDigraph, lemon::DigraphExtender<lemon::ListDigraphBase>::ArcMap<int>, lemon::KarpMmcDefaultTraits<lemon::ListDigraph, lemon::DigraphExtender<lemon::ListDigraphBase>::ArcMap<int>, true>>::PathData> &>' is deprecated [-Wdeprecated-declarations]
     ../inst/lemon/bits/array_map.h:229:17: warning: 'construct<std::vector<lemon::KarpMmc<lemon::ListDigraph, lemon::DigraphExtender<lemon::ListDigraphBase>::ArcMap<int>, lemon::KarpMmcDefaultTraits<lemon::ListDigraph, lemon::DigraphExtender<lemon::ListDigraphBase>::ArcMap<int>, true>>::PathData>, std::vector<lemon::KarpMmc<lemon::ListDigraph, lemon::DigraphExtender<lemon::ListDigraphBase>::ArcMap<int>, lemon::KarpMmcDefaultTraits<lemon::ListDigraph, lemon::DigraphExtender<lemon::ListDigraphBase>::ArcMap<int>, true>>::PathData>>' is deprecated [-Wdeprecated-declarations]
     ../inst/lemon/bits/array_map.h:263:21: warning: 'construct<std::vector<lemon::KarpMmc<lemon::ListDigraph, lemon::DigraphExtender<lemon::ListDigraphBase>::ArcMap<int>, lemon::KarpMmcDefaultTraits<lemon::ListDigraph, lemon::DigraphExtender<lemon::ListDigraphBase>::ArcMap<int>, true>>::PathData>, std::vector<lemon::KarpMmc<lemon::ListDigraph, lemon::DigraphExtender<lemon::ListDigraphBase>::ArcMap<int>, lemon::KarpMmcDefaultTraits<lemon::ListDigraph, lemon::DigraphExtender<lemon::ListDigraphBase>::ArcMap<int>, true>>::PathData> &>' is deprecated [-Wdeprecated-declarations]
     ../inst/lemon/bits/array_map.h:272:19: warning: 'construct<std::vector<lemon::KarpMmc<lemon::ListDigraph, lemon::DigraphExtender<lemon::ListDigraphBase>::ArcMap<int>, lemon::KarpMmcDefaultTraits<lemon::ListDigraph, lemon::DigraphExtender<lemon::ListDigraphBase>::ArcMap<int>, true>>::PathData>, std::vector<lemon::KarpMmc<lemon::ListDigraph, lemon::DigraphExtender<lemon::ListDigraphBase>::ArcMap<int>, lemon::KarpMmcDefaultTraits<lemon::ListDigraph, lemon::DigraphExtender<lemon::ListDigraphBase>::ArcMap<int>, true>>::PathData>>' is deprecated [-Wdeprecated-declarations]
     ../inst/lemon/bits/array_map.h:306:19: warning: 'construct<std::vector<lemon::KarpMmc<lemon::ListDigraph, lemon::DigraphExtender<lemon::ListDigraphBase>::ArcMap<int>, lemon::KarpMmcDefaultTraits<lemon::ListDigraph, lemon::DigraphExtender<lemon::ListDigraphBase>::ArcMap<int>, true>>::PathData>, std::vector<lemon::KarpMmc<lemon::ListDigraph, lemon::DigraphExtender<lemon::ListDigraphBase>::ArcMap<int>, lemon::KarpMmcDefaultTraits<lemon::ListDigraph, lemon::DigraphExtender<lemon::ListDigraphBase>::ArcMap<int>, true>>::PathData>>' is deprecated [-Wdeprecated-declarations]
     ../inst/lemon/bits/array_map.h:91:19: warning: 'construct<std::vector<lemon::HartmannOrlinMmc<lemon::ListDigraph, lemon::DigraphExtender<lemon::ListDigraphBase>::ArcMap<int>, lemon::HartmannOrlinMmcDefaultTraits<lemon::ListDigraph, lemon::DigraphExtender<lemon::ListDigraphBase>::ArcMap<int>, true>>::PathData>, std::vector<lemon::HartmannOrlinMmc<lemon::ListDigraph, lemon::DigraphExtender<lemon::ListDigraphBase>::ArcMap<int>, lemon::HartmannOrlinMmcDefaultTraits<lemon::ListDigraph, lemon::DigraphExtender<lemon::ListDigraphBase>::ArcMap<int>, true>>::PathData>>' is deprecated [-Wdeprecated-declarations]
     ../inst/lemon/bits/array_map.h:221:23: warning: 'construct<std::vector<lemon::HartmannOrlinMmc<lemon::ListDigraph, lemon::DigraphExtender<lemon::ListDigraphBase>::ArcMap<int>, lemon::HartmannOrlinMmcDefaultTraits<lemon::ListDigraph, lemon::DigraphExtender<lemon::ListDigraphBase>::ArcMap<int>, true>>::PathData>, std::vector<lemon::HartmannOrlinMmc<lemon::ListDigraph, lemon::DigraphExtender<lemon::ListDigraphBase>::ArcMap<int>, lemon::HartmannOrlinMmcDefaultTraits<lemon::ListDigraph, lemon::DigraphExtender<lemon::ListDigraphBase>::ArcMap<int>, true>>::PathData> &>' is deprecated [-Wdeprecated-declarations]
     ../inst/lemon/bits/array_map.h:229:17: warning: 'construct<std::vector<lemon::HartmannOrlinMmc<lemon::ListDigraph, lemon::DigraphExtender<lemon::ListDigraphBase>::ArcMap<int>, lemon::HartmannOrlinMmcDefaultTraits<lemon::ListDigraph, lemon::DigraphExtender<lemon::ListDigraphBase>::ArcMap<int>, true>>::PathData>, std::vector<lemon::HartmannOrlinMmc<lemon::ListDigraph, lemon::DigraphExtender<lemon::ListDigraphBase>::ArcMap<int>, lemon::HartmannOrlinMmcDefaultTraits<lemon::ListDigraph, lemon::DigraphExtender<lemon::ListDigraphBase>::ArcMap<int>, true>>::PathData>>' is deprecated [-Wdeprecated-declarations]
     ../inst/lemon/bits/array_map.h:263:21: warning: 'construct<std::vector<lemon::HartmannOrlinMmc<lemon::ListDigraph, lemon::DigraphExtender<lemon::ListDigraphBase>::ArcMap<int>, lemon::HartmannOrlinMmcDefaultTraits<lemon::ListDigraph, lemon::DigraphExtender<lemon::ListDigraphBase>::ArcMap<int>, true>>::PathData>, std::vector<lemon::HartmannOrlinMmc<lemon::ListDigraph, lemon::DigraphExtender<lemon::ListDigraphBase>::ArcMap<int>, lemon::HartmannOrlinMmcDefaultTraits<lemon::ListDigraph, lemon::DigraphExtender<lemon::ListDigraphBase>::ArcMap<int>, true>>::PathData> &>' is deprecated [-Wdeprecated-declarations]
     ../inst/lemon/bits/array_map.h:272:19: warning: 'construct<std::vector<lemon::HartmannOrlinMmc<lemon::ListDigraph, lemon::DigraphExtender<lemon::ListDigraphBase>::ArcMap<int>, lemon::HartmannOrlinMmcDefaultTraits<lemon::ListDigraph, lemon::DigraphExtender<lemon::ListDigraphBase>::ArcMap<int>, true>>::PathData>, std::vector<lemon::HartmannOrlinMmc<lemon::ListDigraph, lemon::DigraphExtender<lemon::ListDigraphBase>::ArcMap<int>, lemon::HartmannOrlinMmcDefaultTraits<lemon::ListDigraph, lemon::DigraphExtender<lemon::ListDigraphBase>::ArcMap<int>, true>>::PathData>>' is deprecated [-Wdeprecated-declarations]
     ../inst/lemon/bits/array_map.h:306:19: warning: 'construct<std::vector<lemon::HartmannOrlinMmc<lemon::ListDigraph, lemon::DigraphExtender<lemon::ListDigraphBase>::ArcMap<int>, lemon::HartmannOrlinMmcDefaultTraits<lemon::ListDigraph, lemon::DigraphExtender<lemon::ListDigraphBase>::ArcMap<int>, true>>::PathData>, std::vector<lemon::HartmannOrlinMmc<lemon::ListDigraph, lemon::DigraphExtender<lemon::ListDigraphBase>::ArcMap<int>, lemon::HartmannOrlinMmcDefaultTraits<lemon::ListDigraph, lemon::DigraphExtender<lemon::ListDigraphBase>::ArcMap<int>, true>>::PathData>>' is deprecated [-Wdeprecated-declarations]
     ../inst/lemon/bits/array_map.h:221:23: warning: 'construct<lemon::MinCostArborescence<lemon::ListDigraph, lemon::DigraphExtender<lemon::ListDigraphBase>::ArcMap<int>, lemon::MinCostArborescence<lemon::ListDigraph, lemon::DigraphExtender<lemon::ListDigraphBase>::ArcMap<int>>::SetArborescenceMapTraits<lemon::DigraphExtender<lemon::ListDigraphBase>::ArcMap<int>>>::CostArc, lemon::MinCostArborescence<lemon::ListDigraph, lemon::DigraphExtender<lemon::ListDigraphBase>::ArcMap<int>, lemon::MinCostArborescence<lemon::ListDigraph, lemon::DigraphExtender<lemon::ListDigraphBase>::ArcMap<int>>::SetArborescenceMapTraits<lemon::DigraphExtender<lemon::ListDigraphBase>::ArcMap<int>>>::CostArc &>' is deprecated [-Wdeprecated-declarations]
     ../inst/lemon/bits/array_map.h:229:17: warning: 'construct<lemon::MinCostArborescence<lemon::ListDigraph, lemon::DigraphExtender<lemon::ListDigraphBase>::ArcMap<int>, lemon::MinCostArborescence<lemon::ListDigraph, lemon::DigraphExtender<lemon::ListDigraphBase>::ArcMap<int>>::SetArborescenceMapTraits<lemon::DigraphExtender<lemon::ListDigraphBase>::ArcMap<int>>>::CostArc, lemon::MinCostArborescence<lemon::ListDigraph, lemon::DigraphExtender<lemon::ListDigraphBase>::ArcMap<int>, lemon::MinCostArborescence<lemon::ListDigraph, lemon::DigraphExtender<lemon::ListDigraphBase>::ArcMap<int>>::SetArborescenceMapTraits<lemon::DigraphExtender<lemon::ListDigraphBase>::ArcMap<int>>>::CostArc>' is deprecated [-Wdeprecated-declarations]
     ../inst/lemon/bits/array_map.h:263:21: warning: 'construct<lemon::MinCostArborescence<lemon::ListDigraph, lemon::DigraphExtender<lemon::ListDigraphBase>::ArcMap<int>, lemon::MinCostArborescence<lemon::ListDigraph, lemon::DigraphExtender<lemon::ListDigraphBase>::ArcMap<int>>::SetArborescenceMapTraits<lemon::DigraphExtender<lemon::ListDigraphBase>::ArcMap<int>>>::CostArc, lemon::MinCostArborescence<lemon::ListDigraph, lemon::DigraphExtender<lemon::ListDigraphBase>::ArcMap<int>, lemon::MinCostArborescence<lemon::ListDigraph, lemon::DigraphExtender<lemon::ListDigraphBase>::ArcMap<int>>::SetArborescenceMapTraits<lemon::DigraphExtender<lemon::ListDigraphBase>::ArcMap<int>>>::CostArc &>' is deprecated [-Wdeprecated-declarations]
     ../inst/lemon/bits/array_map.h:272:19: warning: 'construct<lemon::MinCostArborescence<lemon::ListDigraph, lemon::DigraphExtender<lemon::ListDigraphBase>::ArcMap<int>, lemon::MinCostArborescence<lemon::ListDigraph, lemon::DigraphExtender<lemon::ListDigraphBase>::ArcMap<int>>::SetArborescenceMapTraits<lemon::DigraphExtender<lemon::ListDigraphBase>::ArcMap<int>>>::CostArc, lemon::MinCostArborescence<lemon::ListDigraph, lemon::DigraphExtender<lemon::ListDigraphBase>::ArcMap<int>, lemon::MinCostArborescence<lemon::ListDigraph, lemon::DigraphExtender<lemon::ListDigraphBase>::ArcMap<int>>::SetArborescenceMapTraits<lemon::DigraphExtender<lemon::ListDigraphBase>::ArcMap<int>>>::CostArc>' is deprecated [-Wdeprecated-declarations]
     ../inst/lemon/bits/array_map.h:306:19: warning: 'construct<lemon::MinCostArborescence<lemon::ListDigraph, lemon::DigraphExtender<lemon::ListDigraphBase>::ArcMap<int>, lemon::MinCostArborescence<lemon::ListDigraph, lemon::DigraphExtender<lemon::ListDigraphBase>::ArcMap<int>>::SetArborescenceMapTraits<lemon::DigraphExtender<lemon::ListDigraphBase>::ArcMap<int>>>::CostArc, lemon::MinCostArborescence<lemon::ListDigraph, lemon::DigraphExtender<lemon::ListDigraphBase>::ArcMap<int>, lemon::MinCostArborescence<lemon::ListDigraph, lemon::DigraphExtender<lemon::ListDigraphBase>::ArcMap<int>>::SetArborescenceMapTraits<lemon::DigraphExtender<lemon::ListDigraphBase>::ArcMap<int>>>::CostArc>' is deprecated [-Wdeprecated-declarations]
     ../inst/lemon/bits/array_map.h:91:19: warning: 'construct<lemon::MinCostArborescence<lemon::ListDigraph, lemon::DigraphExtender<lemon::ListDigraphBase>::ArcMap<int>, lemon::MinCostArborescence<lemon::ListDigraph, lemon::DigraphExtender<lemon::ListDigraphBase>::ArcMap<int>>::SetArborescenceMapTraits<lemon::DigraphExtender<lemon::ListDigraphBase>::ArcMap<int>>>::CostArc, lemon::MinCostArborescence<lemon::ListDigraph, lemon::DigraphExtender<lemon::ListDigraphBase>::ArcMap<int>, lemon::MinCostArborescence<lemon::ListDigraph, lemon::DigraphExtender<lemon::ListDigraphBase>::ArcMap<int>>::SetArborescenceMapTraits<lemon::DigraphExtender<lemon::ListDigraphBase>::ArcMap<int>>>::CostArc>' is deprecated [-Wdeprecated-declarations]
     ../inst/lemon/bits/array_map.h:105:19: warning: 'construct<lemon::ListGraphBase::Arc, const lemon::ListGraphBase::Arc &>' is deprecated [-Wdeprecated-declarations]
     ../inst/lemon/bits/array_map.h:91:19: warning: 'construct<lemon::_planarity_bits::ChildListNode<lemon::ListGraph>, lemon::_planarity_bits::ChildListNode<lemon::ListGraph>>' is deprecated [-Wdeprecated-declarations]
     ../inst/lemon/bits/array_map.h:91:19: warning: 'construct<std::list<int>, std::list<int>>' is deprecated [-Wdeprecated-declarations]
     ../inst/lemon/bits/array_map.h:221:23: warning: 'construct<lemon::_planarity_bits::ChildListNode<lemon::ListGraph>, lemon::_planarity_bits::ChildListNode<lemon::ListGraph> &>' is deprecated [-Wdeprecated-declarations]
     ../inst/lemon/bits/array_map.h:229:17: warning: 'construct<lemon::_planarity_bits::ChildListNode<lemon::ListGraph>, lemon::_planarity_bits::ChildListNode<lemon::ListGraph>>' is deprecated [-Wdeprecated-declarations]
     ../inst/lemon/bits/array_map.h:263:21: warning: 'construct<lemon::_planarity_bits::ChildListNode<lemon::ListGraph>, lemon::_planarity_bits::ChildListNode<lemon::ListGraph> &>' is deprecated [-Wdeprecated-declarations]
     ../inst/lemon/bits/array_map.h:272:19: warning: 'construct<lemon::_planarity_bits::ChildListNode<lemon::ListGraph>, lemon::_planarity_bits::ChildListNode<lemon::ListGraph>>' is deprecated [-Wdeprecated-declarations]
     ../inst/lemon/bits/array_map.h:306:19: warning: 'construct<lemon::_planarity_bits::ChildListNode<lemon::ListGraph>, lemon::_planarity_bits::ChildListNode<lemon::ListGraph>>' is deprecated [-Wdeprecated-declarations]
     ../inst/lemon/bits/array_map.h:221:23: warning: 'construct<std::list<int>, std::list<int> &>' is deprecated [-Wdeprecated-declarations]
     ../inst/lemon/bits/array_map.h:229:17: warning: 'construct<std::list<int>, std::list<int>>' is deprecated [-Wdeprecated-declarations]
     ../inst/lemon/bits/array_map.h:263:21: warning: 'construct<std::list<int>, std::list<int> &>' is deprecated [-Wdeprecated-declarations]
     ../inst/lemon/bits/array_map.h:272:19: warning: 'construct<std::list<int>, std::list<int>>' is deprecated [-Wdeprecated-declarations]
     ../inst/lemon/bits/array_map.h:306:19: warning: 'construct<std::list<int>, std::list<int>>' is deprecated [-Wdeprecated-declarations]
     ../inst/lemon/bits/array_map.h:91:19: warning: 'construct<lemon::_planarity_bits::ArcListNode<lemon::ListGraph>, lemon::_planarity_bits::ArcListNode<lemon::ListGraph>>' is deprecated [-Wdeprecated-declarations]
     ../inst/lemon/bits/array_map.h:221:23: warning: 'construct<lemon::_planarity_bits::ArcListNode<lemon::ListGraph>, lemon::_planarity_bits::ArcListNode<lemon::ListGraph> &>' is deprecated [-Wdeprecated-declarations]
     ../inst/lemon/bits/array_map.h:229:17: warning: 'construct<lemon::_planarity_bits::ArcListNode<lemon::ListGraph>, lemon::_planarity_bits::ArcListNode<lemon::ListGraph>>' is deprecated [-Wdeprecated-declarations]
     ../inst/lemon/bits/array_map.h:263:21: warning: 'construct<lemon::_planarity_bits::ArcListNode<lemon::ListGraph>, lemon::_planarity_bits::ArcListNode<lemon::ListGraph> &>' is deprecated [-Wdeprecated-declarations]
     ../inst/lemon/bits/array_map.h:272:19: warning: 'construct<lemon::_planarity_bits::ArcListNode<lemon::ListGraph>, lemon::_planarity_bits::ArcListNode<lemon::ListGraph>>' is deprecated [-Wdeprecated-declarations]
     ../inst/lemon/bits/array_map.h:306:19: warning: 'construct<lemon::_planarity_bits::ArcListNode<lemon::ListGraph>, lemon::_planarity_bits::ArcListNode<lemon::ListGraph>>' is deprecated [-Wdeprecated-declarations]
     ../inst/lemon/bits/array_map.h:91:19: warning: 'construct<lemon::dim2::Point<int>, lemon::dim2::Point<int>>' is deprecated [-Wdeprecated-declarations]
     ../inst/lemon/bits/array_map.h:105:19: warning: 'construct<lemon::ListGraphBase::Node, const lemon::ListGraphBase::Node &>' is deprecated [-Wdeprecated-declarations]
     ../inst/lemon/bits/array_map.h:91:19: warning: 'construct<lemon::SmartEdgeSetBase<lemon::ListGraph>::NodeT, lemon::SmartEdgeSetBase<lemon::ListGraph>::NodeT>' is deprecated [-Wdeprecated-declarations]
     ../inst/lemon/bits/array_map.h:221:23: warning: 'construct<lemon::SmartEdgeSetBase<lemon::ListGraph>::NodeT, lemon::SmartEdgeSetBase<lemon::ListGraph>::NodeT &>' is deprecated [-Wdeprecated-declarations]
     ../inst/lemon/bits/array_map.h:229:17: warning: 'construct<lemon::SmartEdgeSetBase<lemon::ListGraph>::NodeT, lemon::SmartEdgeSetBase<lemon::ListGraph>::NodeT>' is deprecated [-Wdeprecated-declarations]
     ../inst/lemon/bits/array_map.h:263:21: warning: 'construct<lemon::SmartEdgeSetBase<lemon::ListGraph>::NodeT, lemon::SmartEdgeSetBase<lemon::ListGraph>::NodeT &>' is deprecated [-Wdeprecated-declarations]
     ../inst/lemon/bits/array_map.h:272:19: warning: 'construct<lemon::SmartEdgeSetBase<lemon::ListGraph>::NodeT, lemon::SmartEdgeSetBase<lemon::ListGraph>::NodeT>' is deprecated [-Wdeprecated-declarations]
     ../inst/lemon/bits/array_map.h:306:19: warning: 'construct<lemon::SmartEdgeSetBase<lemon::ListGraph>::NodeT, lemon::SmartEdgeSetBase<lemon::ListGraph>::NodeT>' is deprecated [-Wdeprecated-declarations]
     ../inst/lemon/bits/array_map.h:91:19: warning: 'construct<lemon::SmartEdgeSetBase<lemon::ListGraph>::Arc, lemon::SmartEdgeSetBase<lemon::ListGraph>::Arc>' is deprecated [-Wdeprecated-declarations]
     ../inst/lemon/bits/array_map.h:91:19: warning: 'construct<lemon::SmartEdgeSetBase<lemon::ListGraph>::Edge, lemon::SmartEdgeSetBase<lemon::ListGraph>::Edge>' is deprecated [-Wdeprecated-declarations]
     ../inst/lemon/bits/array_map.h:221:23: warning: 'construct<lemon::SmartEdgeSetBase<lemon::ListGraph>::Arc, lemon::SmartEdgeSetBase<lemon::ListGraph>::Arc &>' is deprecated [-Wdeprecated-declarations]
     ../inst/lemon/bits/array_map.h:229:17: warning: 'construct<lemon::SmartEdgeSetBase<lemon::ListGraph>::Arc, lemon::SmartEdgeSetBase<lemon::ListGraph>::Arc>' is deprecated [-Wdeprecated-declarations]
     ../inst/lemon/bits/array_map.h:263:21: warning: 'construct<lemon::SmartEdgeSetBase<lemon::ListGraph>::Arc, lemon::SmartEdgeSetBase<lemon::ListGraph>::Arc &>' is deprecated [-Wdeprecated-declarations]
     ../inst/lemon/bits/array_map.h:272:19: warning: 'construct<lemon::SmartEdgeSetBase<lemon::ListGraph>::Arc, lemon::SmartEdgeSetBase<lemon::ListGraph>::Arc>' is deprecated [-Wdeprecated-declarations]
     ../inst/lemon/bits/array_map.h:306:19: warning: 'construct<lemon::SmartEdgeSetBase<lemon::ListGraph>::Arc, lemon::SmartEdgeSetBase<lemon::ListGraph>::Arc>' is deprecated [-Wdeprecated-declarations]
     ../inst/lemon/bits/array_map.h:221:23: warning: 'construct<lemon::SmartEdgeSetBase<lemon::ListGraph>::Edge, lemon::SmartEdgeSetBase<lemon::ListGraph>::Edge &>' is deprecated [-Wdeprecated-declarations]
     ../inst/lemon/bits/array_map.h:229:17: warning: 'construct<lemon::SmartEdgeSetBase<lemon::ListGraph>::Edge, lemon::SmartEdgeSetBase<lemon::ListGraph>::Edge>' is deprecated [-Wdeprecated-declarations]
     ../inst/lemon/bits/array_map.h:263:21: warning: 'construct<lemon::SmartEdgeSetBase<lemon::ListGraph>::Edge, lemon::SmartEdgeSetBase<lemon::ListGraph>::Edge &>' is deprecated [-Wdeprecated-declarations]
     ../inst/lemon/bits/array_map.h:272:19: warning: 'construct<lemon::SmartEdgeSetBase<lemon::ListGraph>::Edge, lemon::SmartEdgeSetBase<lemon::ListGraph>::Edge>' is deprecated [-Wdeprecated-declarations]
     ../inst/lemon/bits/array_map.h:306:19: warning: 'construct<lemon::SmartEdgeSetBase<lemon::ListGraph>::Edge, lemon::SmartEdgeSetBase<lemon::ListGraph>::Edge>' is deprecated [-Wdeprecated-declarations]
     ../inst/lemon/bits/array_map.h:221:23: warning: 'construct<lemon::SmartGraphBase::Arc, lemon::SmartGraphBase::Arc &>' is deprecated [-Wdeprecated-declarations]
     ../inst/lemon/bits/array_map.h:229:17: warning: 'construct<lemon::SmartGraphBase::Arc, lemon::SmartGraphBase::Arc>' is deprecated [-Wdeprecated-declarations]
     ../inst/lemon/bits/array_map.h:263:21: warning: 'construct<lemon::SmartGraphBase::Arc, lemon::SmartGraphBase::Arc &>' is deprecated [-Wdeprecated-declarations]
     ../inst/lemon/bits/array_map.h:272:19: warning: 'construct<lemon::SmartGraphBase::Arc, lemon::SmartGraphBase::Arc>' is deprecated [-Wdeprecated-declarations]
     ../inst/lemon/bits/array_map.h:306:19: warning: 'construct<lemon::SmartGraphBase::Arc, lemon::SmartGraphBase::Arc>' is deprecated [-Wdeprecated-declarations]
     ../inst/lemon/bits/array_map.h:221:23: warning: 'construct<lemon::MaxWeightedPerfectFractionalMatching<lemon::SmartGraph, lemon::GraphExtender<lemon::SmartGraphBase>::EdgeMap<int>>::Status, lemon::MaxWeightedPerfectFractionalMatching<lemon::SmartGraph, lemon::GraphExtender<lemon::SmartGraphBase>::EdgeMap<int>>::Status &>' is deprecated [-Wdeprecated-declarations]
     ../inst/lemon/bits/array_map.h:229:17: warning: 'construct<lemon::MaxWeightedPerfectFractionalMatching<lemon::SmartGraph, lemon::GraphExtender<lemon::SmartGraphBase>::EdgeMap<int>>::Status, lemon::MaxWeightedPerfectFractionalMatching<lemon::SmartGraph, lemon::GraphExtender<lemon::SmartGraphBase>::EdgeMap<int>>::Status>' is deprecated [-Wdeprecated-declarations]
     ../inst/lemon/bits/array_map.h:263:21: warning: 'construct<lemon::MaxWeightedPerfectFractionalMatching<lemon::SmartGraph, lemon::GraphExtender<lemon::SmartGraphBase>::EdgeMap<int>>::Status, lemon::MaxWeightedPerfectFractionalMatching<lemon::SmartGraph, lemon::GraphExtender<lemon::SmartGraphBase>::EdgeMap<int>>::Status &>' is deprecated [-Wdeprecated-declarations]
     ../inst/lemon/bits/array_map.h:272:19: warning: 'construct<lemon::MaxWeightedPerfectFractionalMatching<lemon::SmartGraph, lemon::GraphExtender<lemon::SmartGraphBase>::EdgeMap<int>>::Status, lemon::MaxWeightedPerfectFractionalMatching<lemon::SmartGraph, lemon::GraphExtender<lemon::SmartGraphBase>::EdgeMap<int>>::Status>' is deprecated [-Wdeprecated-declarations]
     ../inst/lemon/bits/array_map.h:306:19: warning: 'construct<lemon::MaxWeightedPerfectFractionalMatching<lemon::SmartGraph, lemon::GraphExtender<lemon::SmartGraphBase>::EdgeMap<int>>::Status, lemon::MaxWeightedPerfectFractionalMatching<lemon::SmartGraph, lemon::GraphExtender<lemon::SmartGraphBase>::EdgeMap<int>>::Status>' is deprecated [-Wdeprecated-declarations]
     ../inst/lemon/bits/array_map.h:91:19: warning: 'construct<lemon::SmartGraphBase::Arc, lemon::SmartGraphBase::Arc>' is deprecated [-Wdeprecated-declarations]
     ../inst/lemon/bits/array_map.h:91:19: warning: 'construct<lemon::MaxWeightedPerfectFractionalMatching<lemon::SmartGraph, lemon::GraphExtender<lemon::SmartGraphBase>::EdgeMap<int>>::Status, lemon::MaxWeightedPerfectFractionalMatching<lemon::SmartGraph, lemon::GraphExtender<lemon::SmartGraphBase>::EdgeMap<int>>::Status>' is deprecated [-Wdeprecated-declarations]
     ../inst/lemon/bits/array_map.h:91:19: warning: 'construct<lemon::GraphExtender<lemon::SmartGraphBase>::OutArcIt, lemon::GraphExtender<lemon::SmartGraphBase>::OutArcIt>' is deprecated [-Wdeprecated-declarations]
     ../inst/lemon/bits/array_map.h:221:23: warning: 'construct<lemon::GraphExtender<lemon::SmartGraphBase>::OutArcIt, lemon::GraphExtender<lemon::SmartGraphBase>::OutArcIt &>' is deprecated [-Wdeprecated-declarations]
     ../inst/lemon/bits/array_map.h:229:17: warning: 'construct<lemon::GraphExtender<lemon::SmartGraphBase>::OutArcIt, lemon::GraphExtender<lemon::SmartGraphBase>::OutArcIt>' is deprecated [-Wdeprecated-declarations]
     ../inst/lemon/bits/array_map.h:263:21: warning: 'construct<lemon::GraphExtender<lemon::SmartGraphBase>::OutArcIt, lemon::GraphExtender<lemon::SmartGraphBase>::OutArcIt &>' is deprecated [-Wdeprecated-declarations]
     ../inst/lemon/bits/array_map.h:272:19: warning: 'construct<lemon::GraphExtender<lemon::SmartGraphBase>::OutArcIt, lemon::GraphExtender<lemon::SmartGraphBase>::OutArcIt>' is deprecated [-Wdeprecated-declarations]
     ../inst/lemon/bits/array_map.h:306:19: warning: 'construct<lemon::GraphExtender<lemon::SmartGraphBase>::OutArcIt, lemon::GraphExtender<lemon::SmartGraphBase>::OutArcIt>' is deprecated [-Wdeprecated-declarations]
     ../inst/lemon/bits/array_map.h:221:23: warning: 'construct<lemon::dim2::Point<int>, lemon::dim2::Point<int> &>' is deprecated [-Wdeprecated-declarations]
     ../inst/lemon/bits/array_map.h:229:17: warning: 'construct<lemon::dim2::Point<int>, lemon::dim2::Point<int>>' is deprecated [-Wdeprecated-declarations]
     ../inst/lemon/bits/array_map.h:263:21: warning: 'construct<lemon::dim2::Point<int>, lemon::dim2::Point<int> &>' is deprecated [-Wdeprecated-declarations]
     ../inst/lemon/bits/array_map.h:272:19: warning: 'construct<lemon::dim2::Point<int>, lemon::dim2::Point<int>>' is deprecated [-Wdeprecated-declarations]
     ../inst/lemon/bits/array_map.h:306:19: warning: 'construct<lemon::dim2::Point<int>, lemon::dim2::Point<int>>' is deprecated [-Wdeprecated-declarations]
    See ‘/data/gannet/ripley/R/packages/tests-clang/rlemon.Rcheck/00install.out’ for details.
    * used C++ compiler: ‘clang version 15.0.7’
Flavor: r-devel-linux-x86_64-fedora-clang

Version: 0.2.0
Check: whether package can be installed
Result: WARN
    Found the following significant warnings:
     ../inst/lemon/maps.h:1973:21: warning: ‘template<class _Category, class _Tp, class _Distance, class _Pointer, class _Reference> struct std::iterator’ is deprecated [-Wdeprecated-declarations]
     ../inst/lemon/maps.h:3135:21: warning: ‘template<class _Category, class _Tp, class _Distance, class _Pointer, class _Reference> struct std::iterator’ is deprecated [-Wdeprecated-declarations]
    See ‘/data/gannet/ripley/R/packages/tests-devel/rlemon.Rcheck/00install.out’ for details.
    * used C++ compiler: ‘g++ (GCC) 12.2.1 20221121 (Red Hat 12.2.1-4)’
Flavor: r-devel-linux-x86_64-fedora-gcc

Version: 0.2.0
Check: installed package size
Result: NOTE
     installed size is 19.4Mb
     sub-directories of 1Mb or more:
     lemon 2.8Mb
     libs 16.3Mb
Flavors: r-release-macos-arm64, r-release-macos-x86_64, r-release-windows-x86_64, r-oldrel-macos-arm64, r-oldrel-macos-x86_64, r-oldrel-windows-ix86+x86_64