Last updated on 2024-03-28 10:49:46 CET.
Flavor | Version | Tinstall | Tcheck | Ttotal | Status | Flags |
---|---|---|---|---|---|---|
r-devel-linux-x86_64-debian-clang | 3.3 | 13.29 | 46.97 | 60.26 | OK | |
r-devel-linux-x86_64-debian-gcc | 3.3 | 9.42 | 40.31 | 49.73 | OK | |
r-devel-linux-x86_64-fedora-clang | 3.3 | 74.72 | OK | |||
r-devel-linux-x86_64-fedora-gcc | 3.3 | 79.78 | OK | |||
r-devel-windows-x86_64 | 3.3 | 14.00 | 72.00 | 86.00 | OK | |
r-patched-linux-x86_64 | 3.3 | 11.45 | 51.45 | 62.90 | OK | |
r-release-linux-x86_64 | 3.3 | 9.74 | 51.55 | 61.29 | OK | |
r-release-macos-arm64 | 3.3 | 36.00 | OK | |||
r-release-macos-x86_64 | 3.3 | 44.00 | ERROR | |||
r-release-windows-x86_64 | 3.3 | 15.00 | 77.00 | 92.00 | OK | |
r-oldrel-macos-arm64 | 3.3 | 38.00 | OK | |||
r-oldrel-windows-x86_64 | 3.3 | 17.00 | 74.00 | 91.00 | OK |
Version: 3.3
Check: examples
Result: ERROR
Running examples in ‘ridge-Ex.R’ failed
The error most likely occurred in:
> ### Name: pvals
> ### Title: Compute p-values for ridgeLinear and ridgeLogistic models
> ### Aliases: pvals pvals.ridgeLinear pvals.ridgeLogistic
> ### plot.pvalsRidgeLinear plot.pvalsRidgeLogistic print.pvalsRidgeLinear
> ### print.pvalsRidgeLogistic
>
> ### ** Examples
>
> data(GenBin)
> mod <- logisticRidge(Phenotypes ~ ., data = as.data.frame(GenBin))
Execution halted
Flavor: r-release-macos-x86_64