CRAN Package Check Results for Package rfishbase

Last updated on 2020-08-14 10:03:47 CEST.

Flavor Version Tinstall Tcheck Ttotal Status Flags
r-devel-linux-x86_64-debian-clang 3.0.4 9.48 127.11 136.59 OK
r-devel-linux-x86_64-debian-gcc 3.0.4 7.89 102.06 109.95 OK
r-devel-linux-x86_64-fedora-clang 3.0.4 167.06 NOTE
r-devel-linux-x86_64-fedora-gcc 3.0.4 157.56 NOTE
r-devel-windows-ix86+x86_64 3.0.4 39.00 221.00 260.00 OK
r-patched-linux-x86_64 3.0.4 10.05 129.16 139.21 OK
r-patched-solaris-x86 3.0.4 247.40 NOTE
r-release-linux-x86_64 3.0.4 8.07 128.00 136.07 OK
r-release-macos-x86_64 3.0.4 NOTE
r-release-windows-ix86+x86_64 3.0.4 38.00 181.00 219.00 OK
r-oldrel-macos-x86_64 3.0.4 NOTE
r-oldrel-windows-ix86+x86_64 3.0.4 18.00 183.00 201.00 OK

Check Details

Version: 3.0.4
Check: data for non-ASCII characters
Result: NOTE
     Note: found 44 marked UTF-8 strings
Flavors: r-devel-linux-x86_64-fedora-clang, r-devel-linux-x86_64-fedora-gcc, r-patched-solaris-x86, r-release-macos-x86_64, r-oldrel-macos-x86_64