CRAN Package Check Results for Package reverseR

Last updated on 2020-08-06 09:49:11 CEST.

Flavor Version Tinstall Tcheck Ttotal Status Flags
r-devel-linux-x86_64-debian-clang 0.1 4.75 53.68 58.43 OK
r-devel-linux-x86_64-debian-gcc 0.1 3.78 40.92 44.70 OK
r-devel-linux-x86_64-fedora-clang 0.1 76.31 NOTE
r-devel-linux-x86_64-fedora-gcc 0.1 68.18 NOTE
r-devel-windows-ix86+x86_64 0.1 18.00 73.00 91.00 OK
r-patched-linux-x86_64 0.1 4.77 53.59 58.36 OK
r-patched-solaris-x86 0.1 102.40 NOTE
r-release-linux-x86_64 0.1 3.94 53.21 57.15 OK
r-release-macos-x86_64 0.1 NOTE
r-release-windows-ix86+x86_64 0.1 16.00 92.00 108.00 OK
r-oldrel-macos-x86_64 0.1 NOTE
r-oldrel-windows-ix86+x86_64 0.1 7.00 85.00 92.00 OK

Check Details

Version: 0.1
Check: dependencies in R code
Result: NOTE
    Namespace in Imports field not imported from: ‘DT’
     All declared Imports should be used.
Flavors: r-devel-linux-x86_64-fedora-clang, r-devel-linux-x86_64-fedora-gcc, r-patched-solaris-x86, r-release-macos-x86_64, r-oldrel-macos-x86_64