CRAN Package Check Results for Package reticulate

Last updated on 2020-07-14 10:49:00 CEST.

Flavor Version Tinstall Tcheck Ttotal Status Flags
r-devel-linux-x86_64-debian-clang 1.16 54.88 90.42 145.30 OK
r-devel-linux-x86_64-debian-gcc 1.16 44.67 69.79 114.46 OK
r-devel-linux-x86_64-fedora-clang 1.16 195.30 NOTE
r-devel-linux-x86_64-fedora-gcc 1.16 187.86 OK
r-devel-windows-ix86+x86_64 1.16 136.00 141.00 277.00 OK
r-patched-linux-x86_64 1.16 45.17 89.01 134.18 OK
r-patched-solaris-x86 1.16 211.60 OK
r-release-linux-x86_64 1.16 46.13 89.58 135.71 OK
r-release-macos-x86_64 1.16 ERROR
r-release-windows-ix86+x86_64 1.16 134.00 137.00 271.00 OK
r-oldrel-macos-x86_64 1.16 OK
r-oldrel-windows-ix86+x86_64 1.16 128.00 168.00 296.00 OK

Check Details

Version: 1.16
Check: installed package size
Result: NOTE
     installed size is 5.1Mb
     sub-directories of 1Mb or more:
     doc 1.1Mb
     libs 3.4Mb
Flavor: r-devel-linux-x86_64-fedora-clang

Version: 1.16
Check: whether package can be installed
Result: ERROR
    Installation failed.
Flavor: r-release-macos-x86_64