Last updated on 2024-04-24 10:23:06 CEST.
Flavor | Version | Tinstall | Tcheck | Ttotal | Status | Flags |
---|---|---|---|---|---|---|
r-devel-linux-x86_64-debian-clang | 1.0.0.1 | 2.01 | 24.24 | 26.25 | NOTE | |
r-devel-linux-x86_64-debian-gcc | 1.0.0.1 | 1.47 | 19.31 | 20.78 | NOTE | |
r-devel-linux-x86_64-fedora-clang | 1.0.0.1 | 34.45 | NOTE | |||
r-devel-linux-x86_64-fedora-gcc | 1.0.0.1 | 45.49 | NOTE | |||
r-devel-windows-x86_64 | 1.0.0.1 | 3.00 | 42.00 | 45.00 | NOTE | |
r-patched-linux-x86_64 | 1.0.0.1 | 2.05 | 24.12 | 26.17 | NOTE | |
r-release-linux-x86_64 | 1.0.0.1 | 2.02 | 22.63 | 24.65 | NOTE | |
r-release-macos-arm64 | 1.0.0.1 | 18.00 | NOTE | |||
r-release-windows-x86_64 | 1.0.0.1 | 4.00 | 39.00 | 43.00 | NOTE | |
r-oldrel-macos-arm64 | 1.0.0.1 | 16.00 | NOTE | |||
r-oldrel-macos-x86_64 | 1.0.0.1 | 26.00 | NOTE | |||
r-oldrel-windows-x86_64 | 1.0.0.1 | 3.00 | 45.00 | 48.00 | NOTE |
Version: 1.0.0.1
Check: LazyData
Result: NOTE
'LazyData' is specified without a 'data' directory
Flavors: r-devel-linux-x86_64-debian-clang, r-devel-linux-x86_64-debian-gcc, r-devel-linux-x86_64-fedora-clang, r-devel-linux-x86_64-fedora-gcc, r-devel-windows-x86_64, r-patched-linux-x86_64, r-release-linux-x86_64, r-release-macos-arm64, r-release-windows-x86_64, r-oldrel-macos-arm64, r-oldrel-macos-x86_64, r-oldrel-windows-x86_64