CRAN Package Check Results for Package rempsyc

Last updated on 2023-02-06 09:55:55 CET.

Flavor Version Tinstall Tcheck Ttotal Status Flags
r-devel-linux-x86_64-debian-clang 0.1.0 13.36 311.78 325.14 OK
r-devel-linux-x86_64-debian-gcc 0.1.0 9.28 224.47 233.75 OK
r-devel-linux-x86_64-fedora-clang 0.1.0 383.70 OK
r-devel-linux-x86_64-fedora-gcc 0.1.0 409.65 OK
r-devel-windows-x86_64 0.1.0 61.00 371.00 432.00 OK
r-patched-linux-x86_64 0.1.0 13.10 301.73 314.83 OK
r-release-linux-x86_64 0.1.0 9.70 272.20 281.90 OK
r-release-macos-arm64 0.1.0 141.00 OK
r-release-macos-x86_64 0.1.0 151.00 OK
r-release-windows-x86_64 0.1.0 63.00 354.00 417.00 OK
r-oldrel-macos-arm64 0.1.0 165.00 OK
r-oldrel-macos-x86_64 0.1.0 169.00 OK
r-oldrel-windows-ix86+x86_64 0.1.0 26.00 323.00 349.00 WARN

Check Details

Version: 0.1.0
Check: re-building of vignette outputs
Result: WARN
    Error(s) in re-building vignettes:
    --- re-building 'assumptions.Rmd' using rmarkdown
    --- finished re-building 'assumptions.Rmd'
    
    --- re-building 'circles.Rmd' using rmarkdown
    --- finished re-building 'circles.Rmd'
    
    --- re-building 'contrasts.Rmd' using rmarkdown
    Quitting from lines 93-94 (contrasts.Rmd)
    Error: processing vignette 'contrasts.Rmd' failed with diagnostics:
    cannot open the connection
    --- failed re-building 'contrasts.Rmd'
    
    --- re-building 'moderation.Rmd' using rmarkdown
    --- finished re-building 'moderation.Rmd'
    
    --- re-building 'randomize.Rmd' using rmarkdown
    --- finished re-building 'randomize.Rmd'
    
    --- re-building 'scatter.Rmd' using rmarkdown
    --- finished re-building 'scatter.Rmd'
    
    --- re-building 't-test.Rmd' using rmarkdown
    --- finished re-building 't-test.Rmd'
    
    --- re-building 'table.Rmd' using rmarkdown
    --- finished re-building 'table.Rmd'
    
    --- re-building 'violin.Rmd' using rmarkdown
    --- finished re-building 'violin.Rmd'
    
    SUMMARY: processing the following file failed:
     'contrasts.Rmd'
    
    Error: Vignette re-building failed.
    Execution halted
Flavor: r-oldrel-windows-ix86+x86_64