CRAN Package Check Results for Package remotes

Last updated on 2020-07-02 09:48:48 CEST.

Flavor Version Tinstall Tcheck Ttotal Status Flags
r-devel-linux-x86_64-debian-clang 2.1.1 5.67 48.71 54.38 OK
r-devel-linux-x86_64-debian-gcc 2.1.1 4.51 37.48 41.99 OK
r-devel-linux-x86_64-fedora-clang 2.1.1 73.78 OK
r-devel-linux-x86_64-fedora-gcc 2.1.1 71.63 OK
r-devel-windows-ix86+x86_64 2.1.1 18.00 71.00 89.00 OK
r-patched-linux-x86_64 2.1.1 5.03 48.71 53.74 OK
r-patched-solaris-x86 2.1.1 85.10 OK
r-release-linux-x86_64 2.1.1 5.66 48.88 54.54 OK
r-release-osx-x86_64 2.1.1 WARN
r-release-windows-ix86+x86_64 2.1.1 12.00 73.00 85.00 OK
r-oldrel-osx-x86_64 2.1.1 OK
r-oldrel-windows-ix86+x86_64 2.1.1 11.00 90.00 101.00 OK

Check Details

Version: 2.1.1
Check: re-building of vignette outputs
Result: WARN
    Error(s) in re-building vignettes:
     ...
    --- re-building ‘dependencies.Rmd’ using rmarkdown
    Error: processing vignette 'dependencies.Rmd' failed with diagnostics:
    there is no package called 'stringi'
    --- failed re-building ‘dependencies.Rmd’
    
    SUMMARY: processing the following file failed:
     ‘dependencies.Rmd’
    
    Error: Vignette re-building failed.
    Execution halted
Flavor: r-release-osx-x86_64