Last updated on 2024-04-18 10:50:00 CEST.
Flavor | Version | Tinstall | Tcheck | Ttotal | Status | Flags |
---|---|---|---|---|---|---|
r-devel-linux-x86_64-debian-clang | 0.6-13 | 9.64 | 106.88 | 116.52 | OK | |
r-devel-linux-x86_64-debian-gcc | 0.6-13 | 8.16 | 75.26 | 83.42 | OK | |
r-devel-linux-x86_64-fedora-clang | 0.6-13 | 150.35 | NOTE | |||
r-devel-linux-x86_64-fedora-gcc | 0.6-13 | 153.44 | NOTE | |||
r-prerel-macos-arm64 | 0.6-13 | 44.00 | NOTE | |||
r-prerel-windows-x86_64 | 0.6-13 | 10.00 | 113.00 | 123.00 | NOTE | |
r-patched-linux-x86_64 | 0.6-13 | 10.37 | 100.17 | 110.54 | OK | |
r-release-linux-x86_64 | 0.6-13 | 10.16 | 100.12 | 110.28 | OK | |
r-release-macos-arm64 | 0.6-13 | 51.00 | NOTE | |||
r-release-macos-x86_64 | 0.6-13 | 82.00 | NOTE | |||
r-release-windows-x86_64 | 0.6-13 | 12.00 | 122.00 | 134.00 | NOTE | |
r-oldrel-macos-arm64 | 0.6-13 | 45.00 | NOTE | |||
r-oldrel-windows-x86_64 | 0.6-13 | 14.00 | 121.00 | 135.00 | NOTE |
Version: 0.6-13
Check: package dependencies
Result: NOTE
Package which this enhances but not available for checking: ‘Rcplex’
Flavors: r-devel-linux-x86_64-fedora-clang, r-devel-linux-x86_64-fedora-gcc, r-prerel-macos-arm64, r-prerel-windows-x86_64, r-release-macos-arm64, r-release-macos-x86_64, r-release-windows-x86_64, r-oldrel-macos-arm64, r-oldrel-windows-x86_64
Version: 0.6-13
Check: Rd cross-references
Result: NOTE
Undeclared package ‘graph’ in Rd xrefs
Flavor: r-devel-linux-x86_64-fedora-clang