Last updated on 2022-05-28 10:50:54 CEST.
Flavor | Version | Tinstall | Tcheck | Ttotal | Status | Flags |
---|---|---|---|---|---|---|
r-devel-linux-x86_64-debian-clang | 2.0.1 | 23.43 | 174.14 | 197.57 | OK | |
r-devel-linux-x86_64-debian-gcc | 2.0.1 | 16.64 | 127.07 | 143.71 | OK | |
r-devel-linux-x86_64-fedora-clang | 2.0.1 | 243.23 | NOTE | |||
r-devel-linux-x86_64-fedora-gcc | 2.0.1 | 214.63 | OK | |||
r-devel-windows-x86_64 | 2.0.1 | 85.00 | 180.00 | 265.00 | OK | |
r-patched-linux-x86_64 | 2.0.1 | 19.72 | 160.60 | 180.32 | OK | |
r-release-linux-x86_64 | 2.0.1 | 16.40 | 160.25 | 176.65 | OK | |
r-release-macos-arm64 | 2.0.1 | 57.00 | OK | |||
r-release-macos-x86_64 | 2.0.1 | 97.00 | OK | |||
r-release-windows-x86_64 | 2.0.1 | 98.00 | 180.00 | 278.00 | OK | |
r-oldrel-macos-arm64 | 2.0.1 | 65.00 | OK | |||
r-oldrel-macos-x86_64 | 2.0.1 | 82.00 | OK | |||
r-oldrel-windows-ix86+x86_64 | 2.0.1 | 51.00 | 175.00 | 226.00 | OK |
Version: 2.0.1
Check: Rd cross-references
Result: NOTE
Undeclared package ‘psych’ in Rd xrefs
Flavor: r-devel-linux-x86_64-fedora-clang