Last updated on 2024-05-07 11:55:11 CEST.
Flavor | Version | Tinstall | Tcheck | Ttotal | Status | Flags |
---|---|---|---|---|---|---|
r-devel-linux-x86_64-debian-clang | 1.0.1 | 11.71 | 247.49 | 259.20 | OK | |
r-devel-linux-x86_64-debian-gcc | 1.0.1 | 8.55 | 175.25 | 183.80 | OK | |
r-devel-linux-x86_64-fedora-clang | 1.0.1 | 307.97 | NOTE | |||
r-devel-linux-x86_64-fedora-gcc | 1.0.1 | 391.72 | NOTE | |||
r-devel-windows-x86_64 | 1.0.1 | 10.00 | 207.00 | 217.00 | OK | |
r-patched-linux-x86_64 | 1.0.1 | 12.04 | 232.99 | 245.03 | OK | |
r-release-linux-x86_64 | 1.0.1 | 9.43 | 225.31 | 234.74 | OK | |
r-release-macos-arm64 | 1.0.1 | 114.00 | OK | |||
r-release-windows-x86_64 | 1.0.1 | 10.00 | 186.00 | 196.00 | OK | |
r-oldrel-macos-arm64 | 1.0.1 | 104.00 | OK | |||
r-oldrel-macos-x86_64 | 1.0.1 | 212.00 | OK | |||
r-oldrel-windows-x86_64 | 1.0.1 | 13.00 | 236.00 | 249.00 | OK |
Version: 1.0.1
Check: dependencies in R code
Result: NOTE
Namespace in Imports field not imported from: ‘Deriv’
All declared Imports should be used.
Flavors: r-devel-linux-x86_64-fedora-clang, r-devel-linux-x86_64-fedora-gcc