CRAN Package Check Results for Package reglogit

Last updated on 2020-08-11 09:48:46 CEST.

Flavor Version Tinstall Tcheck Ttotal Status Flags
r-devel-linux-x86_64-debian-clang 1.2-6 10.26 69.63 79.89 OK
r-devel-linux-x86_64-debian-gcc 1.2-6 8.27 52.73 61.00 OK
r-devel-linux-x86_64-fedora-clang 1.2-6 92.84 NOTE
r-devel-linux-x86_64-fedora-gcc 1.2-6 82.97 OK
r-devel-windows-ix86+x86_64 1.2-6 33.00 125.00 158.00 OK
r-patched-linux-x86_64 1.2-6 8.38 67.03 75.41 OK
r-patched-solaris-x86 1.2-6 140.80 OK
r-release-linux-x86_64 1.2-6 8.44 67.59 76.03 OK
r-release-macos-x86_64 1.2-6 OK
r-release-windows-ix86+x86_64 1.2-6 30.00 89.00 119.00 OK
r-oldrel-macos-x86_64 1.2-6 OK
r-oldrel-windows-ix86+x86_64 1.2-6 19.00 111.00 130.00 OK

Check Details

Version: 1.2-6
Check: Rd cross-references
Result: NOTE
    Undeclared package ‘monomvn’ in Rd xrefs
Flavor: r-devel-linux-x86_64-fedora-clang