CRAN Package Check Results for Package ref.ICAR

Last updated on 2020-08-10 10:03:13 CEST.

Flavor Version Tinstall Tcheck Ttotal Status Flags
r-devel-linux-x86_64-debian-clang 1.0 14.78 530.96 545.74 OK
r-devel-linux-x86_64-debian-gcc 1.0 11.62 397.67 409.29 OK
r-devel-linux-x86_64-fedora-clang 1.0 641.97 NOTE
r-devel-linux-x86_64-fedora-gcc 1.0 632.95 NOTE
r-devel-windows-ix86+x86_64 1.0 33.00 607.00 640.00 OK
r-patched-linux-x86_64 1.0 15.12 519.56 534.68 OK
r-patched-solaris-x86 1.0 1020.40 NOTE
r-release-linux-x86_64 1.0 16.28 515.07 531.35 OK
r-release-macos-x86_64 1.0 NOTE
r-release-windows-ix86+x86_64 1.0 46.00 609.00 655.00 OK
r-oldrel-macos-x86_64 1.0 NOTE
r-oldrel-windows-ix86+x86_64 1.0 28.00 431.00 459.00 OK

Check Details

Version: 1.0
Check: dependencies in R code
Result: NOTE
    Namespace in Imports field not imported from: ‘Rdpack’
     All declared Imports should be used.
Flavors: r-devel-linux-x86_64-fedora-clang, r-devel-linux-x86_64-fedora-gcc, r-patched-solaris-x86, r-release-macos-x86_64, r-oldrel-macos-x86_64