CRAN Package Check Results for Package redland

Last updated on 2022-12-07 10:50:08 CET.

Flavor Version Tinstall Tcheck Ttotal Status Flags
r-devel-linux-x86_64-debian-clang 1.0.17-16 13.70 85.13 98.83 WARN
r-devel-linux-x86_64-debian-gcc 1.0.17-16 10.41 64.37 74.78 WARN
r-devel-linux-x86_64-fedora-clang 1.0.17-16 127.47 WARN
r-devel-linux-x86_64-fedora-gcc 1.0.17-16 141.51 WARN
r-devel-windows-x86_64 1.0.17-16 178.00 184.00 362.00 OK
r-patched-linux-x86_64 1.0.17-16 15.70 76.69 92.39 OK
r-release-linux-x86_64 1.0.17-16 13.44 76.80 90.24 OK
r-release-macos-arm64 1.0.17-16 38.00 OK
r-release-macos-x86_64 1.0.17-16 50.00 OK
r-release-windows-x86_64 1.0.17-16 199.00 174.00 373.00 OK
r-oldrel-macos-arm64 1.0.17-16 36.00 NOTE
r-oldrel-macos-x86_64 1.0.17-16 50.00 OK
r-oldrel-windows-ix86+x86_64 1.0.17-16 36.00 145.00 181.00 NOTE

Check Details

Version: 1.0.17-16
Check: whether package can be installed
Result: WARN
    Found the following significant warnings:
     redland.c:771:37: warning: a function declaration without a prototype is deprecated in all versions of C [-Wstrict-prototypes]
     redland.c:817:31: warning: a function declaration without a prototype is deprecated in all versions of C [-Wstrict-prototypes]
     redland.c:1846:25: warning: a function declaration without a prototype is deprecated in all versions of C [-Wstrict-prototypes]
Flavors: r-devel-linux-x86_64-debian-clang, r-devel-linux-x86_64-fedora-clang

Version: 1.0.17-16
Check: whether package can be installed
Result: WARN
    Found the following significant warnings:
     redland.c:771:1: warning: function declaration isn’t a prototype [-Wstrict-prototypes]
     redland.c:817:1: warning: function declaration isn’t a prototype [-Wstrict-prototypes]
     redland.c:1846:1: warning: function declaration isn’t a prototype [-Wstrict-prototypes]
Flavors: r-devel-linux-x86_64-debian-gcc, r-devel-linux-x86_64-fedora-gcc

Version: 1.0.17-16
Check: installed package size
Result: NOTE
     installed size is 7.7Mb
     sub-directories of 1Mb or more:
     libs 6.7Mb
Flavors: r-oldrel-macos-arm64, r-oldrel-windows-ix86+x86_64