Last updated on 2023-03-20 09:49:38 CET.
Flavor | Version | Tinstall | Tcheck | Ttotal | Status | Flags |
---|---|---|---|---|---|---|
r-devel-linux-x86_64-debian-clang | 0.1.2 | NOTE | ||||
r-devel-linux-x86_64-debian-gcc | 0.1.2 | 21.25 | 52.85 | 74.10 | ERROR | |
r-devel-linux-x86_64-fedora-clang | 0.1.2 | 139.32 | NOTE | |||
r-devel-linux-x86_64-fedora-gcc | 0.1.2 | 127.89 | NOTE | |||
r-patched-linux-x86_64 | 0.1.2 | 24.74 | 68.49 | 93.23 | OK | |
r-release-linux-x86_64 | 0.1.2 | 23.44 | 69.13 | 92.57 | OK | |
r-release-macos-arm64 | 0.1.2 | 41.00 | OK | |||
r-release-macos-x86_64 | 0.1.2 | 70.00 | OK | |||
r-release-windows-x86_64 | 0.1.2 | 41.00 | 122.00 | 163.00 | OK | |
r-oldrel-macos-arm64 | 0.1.2 | 56.00 | OK | |||
r-oldrel-macos-x86_64 | 0.1.2 | 54.00 | OK | |||
r-oldrel-windows-ix86+x86_64 | 0.1.2 | 69.00 | 143.00 | 212.00 | OK |
Version: 0.1.2
Check: C++ specification
Result: NOTE
Specified C++11: please drop specification unless essential
Flavors: r-devel-linux-x86_64-debian-clang, r-devel-linux-x86_64-debian-gcc, r-devel-linux-x86_64-fedora-clang, r-devel-linux-x86_64-fedora-gcc
Version: 0.1.2
Check: re-building of vignette outputs
Result: ERROR
Error(s) in re-building vignettes:
...
--- re-building ‘deduplication.Rmd’ using rmarkdown
--- finished re-building ‘deduplication.Rmd’
--- re-building ‘introduction_to_reclin.Rmd’ using rmarkdown
Quitting from lines 218-220 (introduction_to_reclin.Rmd)
Error: processing vignette ‘introduction_to_reclin.Rmd’ failed with diagnostics:
DLL requires the use of native symbols
--- failed re-building ‘introduction_to_reclin.Rmd’
SUMMARY: processing the following file failed:
‘introduction_to_reclin.Rmd’
Error: Vignette re-building failed.
Execution halted
Flavor: r-devel-linux-x86_64-debian-gcc