Last updated on 2022-06-24 09:52:54 CEST.
Flavor | Version | Tinstall | Tcheck | Ttotal | Status | Flags |
---|---|---|---|---|---|---|
r-devel-linux-x86_64-debian-clang | 0.4.4 | 3.33 | 35.03 | 38.36 | NOTE | |
r-devel-linux-x86_64-debian-gcc | 0.4.4 | 2.50 | 28.03 | 30.53 | NOTE | |
r-devel-linux-x86_64-fedora-clang | 0.4.4 | 58.08 | NOTE | |||
r-devel-linux-x86_64-fedora-gcc | 0.4.4 | 55.61 | NOTE | |||
r-devel-windows-x86_64 | 0.4.4 | 36.00 | 80.00 | 116.00 | NOTE | |
r-patched-linux-x86_64 | 0.4.4 | 2.72 | 34.17 | 36.89 | NOTE | |
r-release-linux-x86_64 | 0.4.4 | 2.81 | 34.69 | 37.50 | NOTE | |
r-release-macos-arm64 | 0.4.4 | 22.00 | NOTE | |||
r-release-macos-x86_64 | 0.4.4 | 29.00 | NOTE | |||
r-release-windows-x86_64 | 0.4.4 | 34.00 | 84.00 | 118.00 | NOTE | |
r-oldrel-macos-arm64 | 0.4.4 | 23.00 | NOTE | |||
r-oldrel-macos-x86_64 | 0.4.4 | 35.00 | NOTE | |||
r-oldrel-windows-ix86+x86_64 | 0.4.4 | 8.00 | 58.00 | 66.00 | NOTE |
Version: 0.4.4
Check: LazyData
Result: NOTE
'LazyData' is specified without a 'data' directory
Flavors: r-devel-linux-x86_64-debian-clang, r-devel-linux-x86_64-debian-gcc, r-devel-linux-x86_64-fedora-clang, r-devel-linux-x86_64-fedora-gcc, r-devel-windows-x86_64, r-patched-linux-x86_64, r-release-linux-x86_64, r-release-macos-arm64, r-release-macos-x86_64, r-release-windows-x86_64, r-oldrel-macos-arm64, r-oldrel-macos-x86_64, r-oldrel-windows-ix86+x86_64