CRAN Package Check Results for Package rcmdcheck

Last updated on 2020-08-14 10:03:46 CEST.

Flavor Version Tinstall Tcheck Ttotal Status Flags
r-devel-linux-x86_64-debian-clang 1.3.3 5.56 33.01 38.57 OK
r-devel-linux-x86_64-debian-gcc 1.3.3 4.40 25.85 30.25 OK
r-devel-linux-x86_64-fedora-clang 1.3.3 53.98 NOTE
r-devel-linux-x86_64-fedora-gcc 1.3.3 44.88 OK
r-devel-windows-ix86+x86_64 1.3.3 13.00 64.00 77.00 OK
r-patched-linux-x86_64 1.3.3 4.72 32.76 37.48 OK
r-patched-solaris-x86 1.3.3 67.30 OK
r-release-linux-x86_64 1.3.3 6.01 33.00 39.01 OK
r-release-macos-x86_64 1.3.3 OK
r-release-windows-ix86+x86_64 1.3.3 14.00 47.00 61.00 OK
r-oldrel-macos-x86_64 1.3.3 OK
r-oldrel-windows-ix86+x86_64 1.3.3 9.00 70.00 79.00 OK

Check Details

Version: 1.3.3
Check: Rd cross-references
Result: NOTE
    Undeclared package ‘processx’ in Rd xrefs
Flavor: r-devel-linux-x86_64-fedora-clang