Last updated on 2024-04-18 10:49:59 CEST.
Flavor | Version | Tinstall | Tcheck | Ttotal | Status | Flags |
---|---|---|---|---|---|---|
r-devel-linux-x86_64-debian-clang | 0.1-1 | 5.00 | 44.88 | 49.88 | NOTE | |
r-devel-linux-x86_64-debian-gcc | 0.1-1 | 4.57 | 33.87 | 38.44 | NOTE | |
r-devel-linux-x86_64-fedora-clang | 0.1-1 | 63.55 | NOTE | |||
r-devel-linux-x86_64-fedora-gcc | 0.1-1 | 60.53 | NOTE | |||
r-prerel-macos-arm64 | 0.1-1 | 21.00 | NOTE | |||
r-prerel-windows-x86_64 | 0.1-1 | 7.00 | 66.00 | 73.00 | NOTE | |
r-patched-linux-x86_64 | 0.1-1 | 8.42 | 42.89 | 51.31 | NOTE | |
r-release-linux-x86_64 | 0.1-1 | 5.64 | 44.04 | 49.68 | OK | |
r-release-macos-arm64 | 0.1-1 | 22.00 | OK | |||
r-release-macos-x86_64 | 0.1-1 | 34.00 | OK | |||
r-release-windows-x86_64 | 0.1-1 | 9.00 | 69.00 | 78.00 | OK | |
r-oldrel-macos-arm64 | 0.1-1 | 22.00 | OK | |||
r-oldrel-windows-x86_64 | 0.1-1 | 11.00 | 64.00 | 75.00 | OK |
Version: 0.1-1
Check: Rd files
Result: NOTE
checkRd: (-1) ecoperators-methods.Rd:50: Lost braces in \itemize; meant \describe ?
checkRd: (-1) ecoperators-methods.Rd:51: Lost braces in \itemize; meant \describe ?
checkRd: (-1) ecoperators-methods.Rd:52: Lost braces in \itemize; meant \describe ?
checkRd: (-1) ecoperators-methods.Rd:53: Lost braces in \itemize; meant \describe ?
checkRd: (-1) ecoperators-methods.Rd:54: Lost braces in \itemize; meant \describe ?
Flavors: r-devel-linux-x86_64-debian-clang, r-devel-linux-x86_64-debian-gcc, r-devel-linux-x86_64-fedora-clang, r-devel-linux-x86_64-fedora-gcc, r-prerel-macos-arm64, r-prerel-windows-x86_64, r-patched-linux-x86_64
Version: 0.1-1
Check: HTML version of manual
Result: NOTE
Found the following HTML validation problems:
getblock.html:58:1 (getblock.Rd:23): Warning: trimming empty <h3>
getrawtransaction.html:57:1 (getrawtransaction.Rd:22): Warning: trimming empty <h3>
Flavors: r-devel-linux-x86_64-debian-clang, r-devel-linux-x86_64-debian-gcc, r-devel-linux-x86_64-fedora-clang, r-devel-linux-x86_64-fedora-gcc, r-prerel-windows-x86_64, r-patched-linux-x86_64