CRAN Package Check Results for Package rayshader

Last updated on 2020-08-07 10:07:40 CEST.

Flavor Version Tinstall Tcheck Ttotal Status Flags
r-devel-linux-x86_64-debian-clang 0.19.2 111.57 93.02 204.59 OK
r-devel-linux-x86_64-debian-gcc 0.19.2 85.26 73.22 158.48 OK
r-devel-linux-x86_64-fedora-clang 0.19.2 312.34 NOTE
r-devel-linux-x86_64-fedora-gcc 0.19.2 240.79 OK
r-devel-windows-ix86+x86_64 0.19.2 274.00 216.00 490.00 NOTE
r-patched-linux-x86_64 0.19.2 93.54 92.89 186.43 OK
r-patched-solaris-x86 0.19.2 270.60 NOTE
r-release-linux-x86_64 0.19.2 92.47 92.65 185.12 OK
r-release-macos-x86_64 0.19.2 NOTE
r-release-windows-ix86+x86_64 0.19.2 272.00 214.00 486.00 NOTE
r-oldrel-macos-x86_64 0.19.2 WARN
r-oldrel-windows-ix86+x86_64 0.19.2 244.00 155.00 399.00 NOTE

Check Details

Version: 0.19.2
Check: installed package size
Result: NOTE
     installed size is 7.6Mb
     sub-directories of 1Mb or more:
     data 3.0Mb
     libs 4.2Mb
Flavors: r-devel-linux-x86_64-fedora-clang, r-devel-windows-ix86+x86_64, r-release-macos-x86_64, r-release-windows-ix86+x86_64, r-oldrel-macos-x86_64, r-oldrel-windows-ix86+x86_64

Version: 0.19.2
Check: package dependencies
Result: NOTE
    Package suggested but not available for checking: ‘av’
Flavor: r-patched-solaris-x86

Version: 0.19.2
Check: whether package can be installed
Result: WARN
    Found the following significant warnings:
     Warning: 'rgl.init' failed, running with 'rgl.useNULL = TRUE'.
Flavor: r-oldrel-macos-x86_64