CRAN Package Check Results for Package rasterpdf

Last updated on 2023-02-04 10:54:44 CET.

Flavor Version Tinstall Tcheck Ttotal Status Flags
r-devel-linux-x86_64-debian-clang 0.1.1 1.97 23.49 25.46 NOTE
r-devel-linux-x86_64-debian-gcc 0.1.1 1.56 18.66 20.22 NOTE
r-devel-linux-x86_64-fedora-clang 0.1.1 33.46 NOTE
r-devel-linux-x86_64-fedora-gcc 0.1.1 31.52 NOTE
r-devel-windows-x86_64 0.1.1 15.00 52.00 67.00 NOTE
r-patched-linux-x86_64 0.1.1 2.27 23.27 25.54 NOTE
r-release-linux-x86_64 0.1.1 2.20 24.28 26.48 NOTE
r-release-macos-arm64 0.1.1 17.00 NOTE
r-release-macos-x86_64 0.1.1 22.00 NOTE
r-release-windows-x86_64 0.1.1 13.00 53.00 66.00 NOTE
r-oldrel-macos-arm64 0.1.1 20.00 NOTE
r-oldrel-macos-x86_64 0.1.1 27.00 NOTE
r-oldrel-windows-ix86+x86_64 0.1.1 7.00 51.00 58.00 NOTE

Check Details

Version: 0.1.1
Check: LazyData
Result: NOTE
     'LazyData' is specified without a 'data' directory
Flavors: r-devel-linux-x86_64-debian-clang, r-devel-linux-x86_64-debian-gcc, r-devel-linux-x86_64-fedora-clang, r-devel-linux-x86_64-fedora-gcc, r-devel-windows-x86_64, r-patched-linux-x86_64, r-release-linux-x86_64, r-release-macos-arm64, r-release-macos-x86_64, r-release-windows-x86_64, r-oldrel-macos-arm64, r-oldrel-macos-x86_64, r-oldrel-windows-ix86+x86_64