CRAN Package Check Results for Package rare

Last updated on 2022-12-08 10:53:29 CET.

Flavor Version Tinstall Tcheck Ttotal Status Flags
r-devel-linux-x86_64-debian-clang 0.1.1 50.71 90.14 140.85 OK
r-devel-linux-x86_64-debian-gcc 0.1.1 39.25 70.80 110.05 OK
r-devel-linux-x86_64-fedora-clang 0.1.1 192.55 OK
r-devel-linux-x86_64-fedora-gcc 0.1.1 196.64 OK
r-devel-windows-x86_64 0.1.1 47.00 139.00 186.00 OK
r-patched-linux-x86_64 0.1.1 41.66 84.42 126.08 OK
r-release-linux-x86_64 0.1.1 41.86 87.62 129.48 OK
r-release-macos-arm64 0.1.1 52.00 OK
r-release-macos-x86_64 0.1.1 70.00 OK
r-release-windows-x86_64 0.1.1 44.00 145.00 189.00 OK
r-oldrel-macos-arm64 0.1.1 55.00 NOTE
r-oldrel-macos-x86_64 0.1.1 101.00 OK
r-oldrel-windows-ix86+x86_64 0.1.1 111.00 153.00 264.00 OK

Check Details

Version: 0.1.1
Check: installed package size
Result: NOTE
     installed size is 5.5Mb
     sub-directories of 1Mb or more:
     doc 1.2Mb
     libs 4.2Mb
Flavor: r-oldrel-macos-arm64