Last updated on 2023-01-31 10:52:19 CET.
Flavor | Version | Tinstall | Tcheck | Ttotal | Status | Flags |
---|---|---|---|---|---|---|
r-devel-linux-x86_64-debian-clang | 1.1.4-4 | 4.48 | 39.91 | 44.39 | NOTE | |
r-devel-linux-x86_64-debian-gcc | 1.1.4-4 | 3.47 | 30.40 | 33.87 | NOTE | |
r-devel-linux-x86_64-fedora-clang | 1.1.4-4 | 54.63 | NOTE | |||
r-devel-linux-x86_64-fedora-gcc | 1.1.4-4 | 52.79 | NOTE | |||
r-devel-windows-x86_64 | 1.1.4-4 | 17.00 | 67.00 | 84.00 | NOTE | |
r-patched-linux-x86_64 | 1.1.4-4 | 3.70 | 39.50 | 43.20 | NOTE | |
r-release-linux-x86_64 | 1.1.4-4 | 4.82 | 39.90 | 44.72 | NOTE | |
r-release-macos-arm64 | 1.1.4-4 | 23.00 | NOTE | |||
r-release-macos-x86_64 | 1.1.4-4 | 28.00 | NOTE | |||
r-release-windows-x86_64 | 1.1.4-4 | 32.00 | 69.00 | 101.00 | NOTE | |
r-oldrel-macos-arm64 | 1.1.4-4 | 24.00 | NOTE | |||
r-oldrel-macos-x86_64 | 1.1.4-4 | 32.00 | NOTE | |||
r-oldrel-windows-ix86+x86_64 | 1.1.4-4 | 9.00 | 65.00 | 74.00 | NOTE |
Version: 1.1.4-4
Check: LazyData
Result: NOTE
'LazyData' is specified without a 'data' directory
Flavors: r-devel-linux-x86_64-debian-clang, r-devel-linux-x86_64-debian-gcc, r-devel-linux-x86_64-fedora-clang, r-devel-linux-x86_64-fedora-gcc, r-devel-windows-x86_64, r-patched-linux-x86_64, r-release-linux-x86_64, r-release-macos-arm64, r-release-macos-x86_64, r-release-windows-x86_64, r-oldrel-macos-arm64, r-oldrel-macos-x86_64, r-oldrel-windows-ix86+x86_64