Last updated on 2023-03-25 09:51:35 CET.
Flavor | Version | Tinstall | Tcheck | Ttotal | Status | Flags |
---|---|---|---|---|---|---|
r-devel-linux-x86_64-debian-clang | 0.1.5 | 2.56 | 25.15 | 27.71 | NOTE | |
r-devel-linux-x86_64-debian-gcc | 0.1.5 | 2.06 | 19.81 | 21.87 | NOTE | |
r-devel-linux-x86_64-fedora-clang | 0.1.5 | 35.37 | NOTE | |||
r-devel-linux-x86_64-fedora-gcc | 0.1.5 | 33.39 | NOTE | |||
r-patched-linux-x86_64 | 0.1.5 | 2.06 | 25.15 | 27.21 | NOTE | |
r-release-linux-x86_64 | 0.1.5 | 1.69 | 24.89 | 26.58 | NOTE | |
r-release-macos-arm64 | 0.1.5 | 17.00 | NOTE | |||
r-release-macos-x86_64 | 0.1.5 | 27.00 | NOTE | |||
r-release-windows-x86_64 | 0.1.5 | 25.00 | 58.00 | 83.00 | NOTE | |
r-oldrel-macos-arm64 | 0.1.5 | 21.00 | NOTE | |||
r-oldrel-macos-x86_64 | 0.1.5 | 22.00 | NOTE | |||
r-oldrel-windows-ix86+x86_64 | 0.1.5 | 7.00 | 55.00 | 62.00 | NOTE |
Version: 0.1.5
Check: LazyData
Result: NOTE
'LazyData' is specified without a 'data' directory
Flavors: r-devel-linux-x86_64-debian-clang, r-devel-linux-x86_64-debian-gcc, r-devel-linux-x86_64-fedora-clang, r-devel-linux-x86_64-fedora-gcc, r-patched-linux-x86_64, r-release-linux-x86_64, r-release-macos-arm64, r-release-macos-x86_64, r-release-windows-x86_64, r-oldrel-macos-arm64, r-oldrel-macos-x86_64, r-oldrel-windows-ix86+x86_64