Last updated on 2022-05-26 09:53:29 CEST.
Flavor | Version | Tinstall | Tcheck | Ttotal | Status | Flags |
---|---|---|---|---|---|---|
r-devel-linux-x86_64-debian-clang | 1.4.3 | 29.39 | 257.81 | 287.20 | OK | |
r-devel-linux-x86_64-debian-gcc | 1.4.3 | 27.04 | 226.91 | 253.95 | OK | |
r-devel-linux-x86_64-fedora-clang | 1.4.4 | 344.45 | NOTE | |||
r-devel-linux-x86_64-fedora-gcc | 1.4.4 | 346.68 | OK | |||
r-devel-windows-x86_64 | 1.4.3 | 134.00 | 279.00 | 413.00 | OK | |
r-patched-linux-x86_64 | 1.4.3 | 34.24 | 241.34 | 275.58 | OK | |
r-release-linux-x86_64 | 1.4.3 | OK | ||||
r-release-macos-arm64 | 1.4.4 | 62.00 | OK | |||
r-release-macos-x86_64 | 1.4.3 | 139.00 | OK | |||
r-release-windows-x86_64 | 1.4.3 | 26.00 | 206.00 | 232.00 | OK | |
r-oldrel-macos-arm64 | 1.4.4 | 56.00 | OK | |||
r-oldrel-macos-x86_64 | 1.4.3 | 105.00 | OK | |||
r-oldrel-windows-ix86+x86_64 | 1.4.3 | 60.00 | 275.00 | 335.00 | OK |
Version: 1.4.4
Check: package dependencies
Result: NOTE
Imports includes 26 non-default packages.
Importing from so many packages makes the package vulnerable to any of
them becoming unavailable. Move as many as possible to Suggests and
use conditionally.
Flavor: r-devel-linux-x86_64-fedora-clang