CRAN Package Check Results for Package raceland

Last updated on 2020-09-19 10:48:13 CEST.

Flavor Version Tinstall Tcheck Ttotal Status Flags
r-devel-linux-x86_64-debian-clang 1.1.0 84.10 272.96 357.06 OK
r-devel-linux-x86_64-debian-gcc 1.1.0 61.32 235.28 296.60 OK
r-devel-linux-x86_64-fedora-clang 1.1.0 458.54 NOTE
r-devel-linux-x86_64-fedora-gcc 1.1.0 434.23 NOTE
r-devel-windows-ix86+x86_64 1.1.0 211.00 284.00 495.00 OK
r-patched-linux-x86_64 1.1.0 66.91 264.64 331.55 OK
r-patched-solaris-x86 1.1.0 593.30 NOTE
r-release-linux-x86_64 1.1.0 64.37 264.98 329.35 OK
r-release-macos-x86_64 1.1.0 NOTE
r-release-windows-ix86+x86_64 1.1.0 207.00 367.00 574.00 OK
r-oldrel-macos-x86_64 1.1.0 NOTE
r-oldrel-windows-ix86+x86_64 1.1.0 141.00 269.00 410.00 OK

Check Details

Version: 1.1.0
Check: dependencies in R code
Result: NOTE
    Namespaces in Imports field not imported from:
     ‘comat’ ‘rgdal’
     All declared Imports should be used.
Flavors: r-devel-linux-x86_64-fedora-clang, r-devel-linux-x86_64-fedora-gcc, r-patched-solaris-x86, r-release-macos-x86_64, r-oldrel-macos-x86_64