Last updated on 2023-02-01 10:51:57 CET.
Flavor | Version | Tinstall | Tcheck | Ttotal | Status | Flags |
---|---|---|---|---|---|---|
r-devel-linux-x86_64-debian-clang | 0.2.4 | 15.43 | 2.44 | 17.87 | ERROR | |
r-devel-linux-x86_64-debian-gcc | 0.2.4 | 11.76 | 1.93 | 13.69 | ERROR | |
r-devel-linux-x86_64-fedora-clang | 0.2.4 | 19.81 | ERROR | |||
r-devel-linux-x86_64-fedora-gcc | 0.2.4 | 27.53 | ERROR | |||
r-devel-windows-x86_64 | 0.2.4 | 208.00 | 7.00 | 215.00 | ERROR | |
r-patched-linux-x86_64 | 0.2.4 | 43.07 | 556.71 | 599.78 | OK | |
r-release-linux-x86_64 | 0.2.4 | 39.59 | 554.79 | 594.38 | OK | |
r-release-macos-arm64 | 0.2.4 | 150.00 | OK | |||
r-release-macos-x86_64 | 0.2.4 | 251.00 | OK | |||
r-release-windows-x86_64 | 0.2.4 | 246.00 | 642.00 | 888.00 | OK | |
r-oldrel-macos-arm64 | 0.2.4 | 150.00 | OK | |||
r-oldrel-macos-x86_64 | 0.2.4 | 248.00 | OK | |||
r-oldrel-windows-ix86+x86_64 | 0.2.4 | 22.00 | 18.00 | 40.00 | ERROR |
Version: 0.2.4
Check: whether package can be installed
Result: ERROR
Installation failed.
Flavors: r-devel-linux-x86_64-debian-clang, r-devel-linux-x86_64-debian-gcc, r-devel-linux-x86_64-fedora-clang, r-devel-linux-x86_64-fedora-gcc, r-devel-windows-x86_64, r-oldrel-windows-ix86+x86_64
Version: 0.2.4
Check: package dependencies
Result: NOTE
Imports includes 21 non-default packages.
Importing from so many packages makes the package vulnerable to any of
them becoming unavailable. Move as many as possible to Suggests and
use conditionally.
Flavor: r-devel-linux-x86_64-fedora-clang