CRAN Package Check Results for Package rSHAPE

Last updated on 2023-02-08 10:57:40 CET.

Flavor Version Tinstall Tcheck Ttotal Status Flags
r-devel-linux-x86_64-debian-clang 0.3.2 10.70 83.42 94.12 NOTE
r-devel-linux-x86_64-debian-gcc 0.3.2 9.85 61.31 71.16 NOTE
r-devel-linux-x86_64-fedora-clang 0.3.2 114.64 NOTE
r-devel-linux-x86_64-fedora-gcc 0.3.2 111.17 NOTE
r-devel-windows-x86_64 0.3.2 35.00 120.00 155.00 NOTE
r-patched-linux-x86_64 0.3.2 10.66 76.88 87.54 NOTE
r-release-linux-x86_64 0.3.2 9.03 74.67 83.70 NOTE
r-release-macos-arm64 0.3.2 33.00 NOTE
r-release-macos-x86_64 0.3.2 45.00 NOTE
r-release-windows-x86_64 0.3.2 36.00 115.00 151.00 NOTE
r-oldrel-macos-arm64 0.3.2 35.00 NOTE
r-oldrel-macos-x86_64 0.3.2 54.00 NOTE
r-oldrel-windows-ix86+x86_64 0.3.2 22.00 104.00 126.00 NOTE

Additional issues

donttest

Check Details

Version: 0.3.2
Check: LazyData
Result: NOTE
     'LazyData' is specified without a 'data' directory
Flavors: r-devel-linux-x86_64-debian-clang, r-devel-linux-x86_64-debian-gcc, r-devel-linux-x86_64-fedora-clang, r-devel-linux-x86_64-fedora-gcc, r-devel-windows-x86_64, r-patched-linux-x86_64, r-release-linux-x86_64, r-release-macos-arm64, r-release-macos-x86_64, r-release-windows-x86_64, r-oldrel-macos-arm64, r-oldrel-macos-x86_64, r-oldrel-windows-ix86+x86_64