CRAN Package Check Results for Package rLiDAR

Last updated on 2020-08-11 09:48:46 CEST.

Flavor Version Tinstall Tcheck Ttotal Status Flags
r-devel-linux-x86_64-debian-clang 0.1.1 16.37 140.71 157.08 OK
r-devel-linux-x86_64-debian-gcc 0.1.1 13.96 107.97 121.93 OK
r-devel-linux-x86_64-fedora-clang 0.1.1 199.37 OK
r-devel-linux-x86_64-fedora-gcc 0.1.1 184.65 OK
r-devel-windows-ix86+x86_64 0.1.1 30.00 198.00 228.00 OK
r-patched-linux-x86_64 0.1.1 15.18 140.66 155.84 OK
r-patched-solaris-x86 0.1.1 267.60 OK
r-release-linux-x86_64 0.1.1 15.13 140.69 155.82 OK
r-release-macos-x86_64 0.1.1 OK
r-release-windows-ix86+x86_64 0.1.1 46.00 186.00 232.00 OK
r-oldrel-macos-x86_64 0.1.1 WARN
r-oldrel-windows-ix86+x86_64 0.1.1 33.00 133.00 166.00 OK

Check Details

Version: 0.1.1
Check: whether package can be installed
Result: WARN
    Found the following significant warnings:
     Warning: 'rgl_init' failed, running with rgl.useNULL = TRUE
Flavor: r-oldrel-macos-x86_64