CRAN Package Check Results for Package rKolada

Last updated on 2020-08-08 09:48:48 CEST.

Flavor Version Tinstall Tcheck Ttotal Status Flags
r-devel-linux-x86_64-debian-clang 0.1.3 3.01 50.45 53.46 OK
r-devel-linux-x86_64-debian-gcc 0.1.3 2.16 39.10 41.26 OK
r-devel-linux-x86_64-fedora-clang 0.1.3 71.48 NOTE
r-devel-linux-x86_64-fedora-gcc 0.1.3 62.72 NOTE
r-devel-windows-ix86+x86_64 0.1.3 19.00 101.00 120.00 OK
r-patched-linux-x86_64 0.1.3 2.72 50.13 52.85 OK
r-patched-solaris-x86 0.1.3 97.90 NOTE
r-release-linux-x86_64 0.1.3 3.11 50.05 53.16 OK
r-release-macos-x86_64 0.1.3 NOTE
r-release-windows-ix86+x86_64 0.1.3 12.00 86.00 98.00 OK
r-oldrel-macos-x86_64 0.1.3 NOTE
r-oldrel-windows-ix86+x86_64 0.1.3 5.00 79.00 84.00 OK

Check Details

Version: 0.1.3
Check: dependencies in R code
Result: NOTE
    Namespaces in Imports field not imported from:
     ‘ggplot2’ ‘stringi’
     All declared Imports should be used.
Flavors: r-devel-linux-x86_64-fedora-clang, r-devel-linux-x86_64-fedora-gcc, r-patched-solaris-x86, r-release-macos-x86_64, r-oldrel-macos-x86_64