CRAN Package Check Results for Package rCNV

Last updated on 2022-11-29 09:52:23 CET.

Flavor Version Tinstall Tcheck Ttotal Status Flags
r-devel-linux-x86_64-debian-clang 1.1.0 20.31 147.49 167.80 OK
r-devel-linux-x86_64-debian-gcc 1.1.0 14.93 109.29 124.22 OK
r-devel-linux-x86_64-fedora-clang 1.1.0 211.22 OK
r-devel-linux-x86_64-fedora-gcc 1.1.0 206.45 OK
r-devel-windows-x86_64 1.1.0 24.00 1299.00 1323.00 OK
r-patched-linux-x86_64 1.1.0 17.15 136.69 153.84 OK
r-release-linux-x86_64 1.1.0 12.48 138.75 151.23 OK
r-release-macos-arm64 1.1.0 50.00 OK
r-release-macos-x86_64 1.1.0 77.00 OK
r-release-windows-x86_64 1.1.0 38.00 0.00 38.00 FAIL
r-oldrel-macos-arm64 1.1.0 48.00 OK
r-oldrel-macos-x86_64 1.1.0 79.00 OK
r-oldrel-windows-ix86+x86_64 1.1.0 40.00 182.00 222.00 OK

Check Details

Version: 1.1.0
Check: examples
Result: FAIL
    Check process probably crashed or hung up for 20 minutes ... killed
    Most likely this happened in the example checks (?),
    if not, ignore the following last lines of example output:
    > ### * sim.als
    >
    > flush(stderr()); flush(stdout())
    >
    > ### Name: sim.als
    > ### Title: Simulate Allele Frequencies
    > ### Aliases: sim.als
    >
    > ### ** Examples
    >
    > ## Not run: alleles <- sim.als(n=200,nrun=1000,res=0.001,plot=TRUE)
    >
    >
    >
    >
    > cleanEx()
    > nameEx("vcf.stat")
    > ### * vcf.stat
    >
    > flush(stderr()); flush(stdout())
    >
    > ### Name: vcf.stat
    > ### Title: Get sequencing quality statistics of raw VCF files (with GatK
    > ### generated vcf files only)
    > ### Aliases: vcf.stat
    >
    > ### ** Examples
    >
    > vcf.file.path <- paste0(path.package("rCNV"), "/example.raw.vcf.gz")
    > vcf <- readVCF(vcf.file.path=vcf.file.path)
    ======== End of example output (where/before crash/hang up occured ?) ========
Flavor: r-release-windows-x86_64