CRAN Package Check Results for Package rCBA

Last updated on 2022-12-04 09:55:27 CET.

Flavor Version Tinstall Tcheck Ttotal Status Flags
r-devel-linux-x86_64-debian-clang 0.4.3 14.68 109.39 124.07 NOTE
r-devel-linux-x86_64-debian-gcc 0.4.3 10.10 85.16 95.26 NOTE
r-devel-linux-x86_64-fedora-clang 0.4.3 156.41 NOTE
r-devel-linux-x86_64-fedora-gcc 0.4.3 159.49 NOTE
r-devel-windows-x86_64 0.4.3 48.00 122.00 170.00 NOTE
r-patched-linux-x86_64 0.4.3 11.72 106.26 117.98 NOTE
r-release-linux-x86_64 0.4.3 10.51 104.99 115.50 NOTE
r-release-macos-arm64 0.4.3 44.00 NOTE
r-release-macos-x86_64 0.4.3 61.00 NOTE
r-release-windows-x86_64 0.4.3 54.00 134.00 188.00 NOTE
r-oldrel-macos-arm64 0.4.3 61.00 NOTE
r-oldrel-macos-x86_64 0.4.3 74.00 NOTE
r-oldrel-windows-ix86+x86_64 0.4.3 25.00 123.00 148.00 NOTE

Check Details

Version: 0.4.3
Check: LazyData
Result: NOTE
     'LazyData' is specified without a 'data' directory
Flavors: r-devel-linux-x86_64-debian-clang, r-devel-linux-x86_64-debian-gcc, r-devel-linux-x86_64-fedora-clang, r-devel-linux-x86_64-fedora-gcc, r-devel-windows-x86_64, r-patched-linux-x86_64, r-release-linux-x86_64, r-release-macos-arm64, r-release-macos-x86_64, r-release-windows-x86_64, r-oldrel-macos-arm64, r-oldrel-macos-x86_64, r-oldrel-windows-ix86+x86_64