Last updated on 2024-05-11 10:48:43 CEST.
Flavor | Version | Tinstall | Tcheck | Ttotal | Status | Flags |
---|---|---|---|---|---|---|
r-devel-linux-x86_64-debian-clang | 0.1.3 | 2.46 | 21.39 | 23.85 | NOTE | |
r-devel-linux-x86_64-debian-gcc | 0.1.3 | 2.02 | 16.86 | 18.88 | NOTE | |
r-devel-linux-x86_64-fedora-clang | 0.1.3 | 30.68 | NOTE | |||
r-devel-linux-x86_64-fedora-gcc | 0.1.3 | 33.76 | NOTE | |||
r-devel-windows-x86_64 | 0.1.3 | 6.00 | 38.00 | 44.00 | NOTE | |
r-patched-linux-x86_64 | 0.1.3 | 2.57 | 20.78 | 23.35 | NOTE | |
r-release-linux-x86_64 | 0.1.3 | 2.51 | 20.77 | 23.28 | NOTE | |
r-release-macos-arm64 | 0.1.3 | 16.00 | NOTE | |||
r-release-windows-x86_64 | 0.1.3 | 6.00 | 36.00 | 42.00 | NOTE | |
r-oldrel-macos-arm64 | 0.1.3 | 16.00 | NOTE | |||
r-oldrel-macos-x86_64 | 0.1.3 | 20.00 | NOTE | |||
r-oldrel-windows-x86_64 | 0.1.3 | 9.00 | 38.00 | 47.00 | NOTE |
Version: 0.1.3
Check: LazyData
Result: NOTE
'LazyData' is specified without a 'data' directory
Flavors: r-devel-linux-x86_64-debian-clang, r-devel-linux-x86_64-debian-gcc, r-devel-linux-x86_64-fedora-clang, r-devel-linux-x86_64-fedora-gcc, r-devel-windows-x86_64, r-patched-linux-x86_64, r-release-linux-x86_64, r-release-macos-arm64, r-release-windows-x86_64, r-oldrel-macos-arm64, r-oldrel-macos-x86_64, r-oldrel-windows-x86_64
Version: 0.1.3
Check: compiled code
Result: NOTE
File ‘quotedargs/libs/quotedargs.so’:
Found non-API calls to R: ‘SETLEVELS’, ‘SET_NAMED’, ‘SET_PRCODE’,
‘SET_PRENV’, ‘SET_PRVALUE’
Compiled code should not call non-API entry points in R.
See ‘Writing portable packages’ in the ‘Writing R Extensions’ manual.
Flavors: r-devel-linux-x86_64-debian-clang, r-devel-linux-x86_64-debian-gcc, r-devel-linux-x86_64-fedora-clang, r-devel-linux-x86_64-fedora-gcc
Version: 0.1.3
Check: compiled code
Result: NOTE
File 'quotedargs/libs/x64/quotedargs.dll':
Found non-API calls to R: 'SETLEVELS', 'SET_NAMED', 'SET_PRCODE',
'SET_PRENV', 'SET_PRVALUE'
Compiled code should not call non-API entry points in R.
See 'Writing portable packages' in the 'Writing R Extensions' manual.
Flavor: r-devel-windows-x86_64