Last updated on 2023-03-29 09:50:58 CEST.
Flavor | Version | Tinstall | Tcheck | Ttotal | Status | Flags |
---|---|---|---|---|---|---|
r-devel-linux-x86_64-debian-clang | 1.0.0 | 3.53 | 42.16 | 45.69 | NOTE | |
r-devel-linux-x86_64-debian-gcc | 1.0.0 | 2.72 | 32.85 | 35.57 | NOTE | |
r-devel-linux-x86_64-fedora-clang | 1.0.0 | 56.92 | NOTE | |||
r-devel-linux-x86_64-fedora-gcc | 1.0.0 | 53.49 | NOTE | |||
r-devel-windows-x86_64 | 1.0.0 | 11.00 | 0.00 | 11.00 | NOTE | |
r-patched-linux-x86_64 | 1.0.0 | 3.30 | 40.78 | 44.08 | NOTE | |
r-release-linux-x86_64 | 1.0.0 | 3.16 | 42.19 | 45.35 | NOTE | |
r-release-macos-arm64 | 1.0.0 | 20.00 | NOTE | |||
r-release-macos-x86_64 | 1.0.0 | 31.00 | NOTE | |||
r-release-windows-x86_64 | 1.0.0 | 9.00 | 73.00 | 82.00 | NOTE | |
r-oldrel-macos-arm64 | 1.0.0 | 25.00 | NOTE | |||
r-oldrel-macos-x86_64 | 1.0.0 | 39.00 | NOTE | |||
r-oldrel-windows-ix86+x86_64 | 1.0.0 | 9.00 | 70.00 | 79.00 | NOTE |
Version: 1.0.0
Check: LazyData
Result: NOTE
'LazyData' is specified without a 'data' directory
Flavors: r-devel-linux-x86_64-debian-clang, r-devel-linux-x86_64-debian-gcc, r-devel-linux-x86_64-fedora-clang, r-devel-linux-x86_64-fedora-gcc, r-devel-windows-x86_64, r-patched-linux-x86_64, r-release-linux-x86_64, r-release-macos-arm64, r-release-macos-x86_64, r-release-windows-x86_64, r-oldrel-macos-arm64, r-oldrel-macos-x86_64, r-oldrel-windows-ix86+x86_64