Last updated on 2024-04-24 10:23:05 CEST.
Flavor | Version | Tinstall | Tcheck | Ttotal | Status | Flags |
---|---|---|---|---|---|---|
r-devel-linux-x86_64-debian-clang | 0.2.2 | 4.68 | 38.31 | 42.99 | NOTE | |
r-devel-linux-x86_64-debian-gcc | 0.2.2 | 2.95 | 27.96 | 30.91 | NOTE | |
r-devel-linux-x86_64-fedora-clang | 0.2.2 | 54.34 | NOTE | |||
r-devel-linux-x86_64-fedora-gcc | 0.2.2 | 50.47 | NOTE | |||
r-devel-windows-x86_64 | 0.2.2 | 8.00 | 58.00 | 66.00 | OK | |
r-patched-linux-x86_64 | 0.2.2 | 3.86 | 35.81 | 39.67 | OK | |
r-release-linux-x86_64 | 0.2.2 | 4.05 | 36.44 | 40.49 | OK | |
r-release-macos-arm64 | 0.2.2 | 25.00 | OK | |||
r-release-windows-x86_64 | 0.2.2 | 9.00 | 59.00 | 68.00 | OK | |
r-oldrel-macos-arm64 | 0.2.2 | 26.00 | OK | |||
r-oldrel-macos-x86_64 | 0.2.2 | 50.00 | OK | |||
r-oldrel-windows-x86_64 | 0.2.2 | 7.00 | 60.00 | 67.00 | OK |
Version: 0.2.2
Check: compiled code
Result: NOTE
File ‘quickmatch/libs/quickmatch.so’:
Found non-API call to R: ‘SETLENGTH’
Compiled code should not call non-API entry points in R.
See ‘Writing portable packages’ in the ‘Writing R Extensions’ manual.
Flavors: r-devel-linux-x86_64-debian-clang, r-devel-linux-x86_64-debian-gcc, r-devel-linux-x86_64-fedora-clang, r-devel-linux-x86_64-fedora-gcc