Last updated on 2022-05-20 10:54:48 CEST.
Flavor | Version | Tinstall | Tcheck | Ttotal | Status | Flags |
---|---|---|---|---|---|---|
r-devel-linux-x86_64-debian-clang | 0.2-8 | 126.12 | 203.13 | 329.25 | OK | |
r-devel-linux-x86_64-debian-gcc | 0.2-8 | 100.78 | 143.68 | 244.46 | OK | |
r-devel-linux-x86_64-fedora-clang | 0.2-8 | 432.00 | NOTE | |||
r-devel-linux-x86_64-fedora-gcc | 0.2-8 | 401.56 | OK | |||
r-devel-windows-x86_64 | 0.2-8 | 119.00 | 223.00 | 342.00 | OK | |
r-patched-linux-x86_64 | 0.2-8 | 109.22 | 187.36 | 296.58 | OK | |
r-release-linux-x86_64 | 0.2-8 | 106.90 | 193.21 | 300.11 | OK | |
r-release-macos-arm64 | 0.2-8 | 102.00 | NOTE | |||
r-release-macos-x86_64 | 0.2-8 | 221.00 | NOTE | |||
r-release-windows-x86_64 | 0.2-8 | 113.00 | 226.00 | 339.00 | OK | |
r-oldrel-macos-arm64 | 0.2-8 | 117.00 | NOTE | |||
r-oldrel-macos-x86_64 | 0.2-8 | 180.00 | NOTE | |||
r-oldrel-windows-ix86+x86_64 | 0.2-8 | 303.00 | 371.00 | 674.00 | OK |
Version: 0.2-8
Check: installed package size
Result: NOTE
installed size is 6.8Mb
sub-directories of 1Mb or more:
libs 6.3Mb
Flavors: r-devel-linux-x86_64-fedora-clang, r-release-macos-arm64, r-release-macos-x86_64, r-oldrel-macos-arm64, r-oldrel-macos-x86_64