Last updated on 2023-02-06 09:55:54 CET.
Flavor | Version | Tinstall | Tcheck | Ttotal | Status | Flags |
---|---|---|---|---|---|---|
r-devel-linux-x86_64-debian-clang | 0.2.3 | 82.55 | 161.96 | 244.51 | NOTE | |
r-devel-linux-x86_64-debian-gcc | 0.2.3 | 74.99 | 115.12 | 190.11 | NOTE | |
r-devel-linux-x86_64-fedora-clang | 0.2.3 | 320.59 | NOTE | |||
r-devel-linux-x86_64-fedora-gcc | 0.2.3 | 315.04 | NOTE | |||
r-devel-windows-x86_64 | 0.2.3 | 84.00 | 203.00 | 287.00 | NOTE | |
r-patched-linux-x86_64 | 0.2.3 | 70.65 | 147.04 | 217.69 | OK | |
r-release-linux-x86_64 | 0.2.3 | 72.62 | 147.46 | 220.08 | OK | |
r-release-macos-arm64 | 0.2.3 | 79.00 | NOTE | |||
r-release-macos-x86_64 | 0.2.3 | 130.00 | NOTE | |||
r-release-windows-x86_64 | 0.2.3 | 88.00 | 210.00 | 298.00 | OK | |
r-oldrel-macos-arm64 | 0.2.3 | 83.00 | NOTE | |||
r-oldrel-macos-x86_64 | 0.2.3 | 101.00 | NOTE | |||
r-oldrel-windows-ix86+x86_64 | 0.2.3 | 180.00 | 258.00 | 438.00 | OK |
Version: 0.2.3
Check: C++ specification
Result: NOTE
Specified C++11: please update to current default of C++17
Flavors: r-devel-linux-x86_64-debian-clang, r-devel-linux-x86_64-debian-gcc, r-devel-linux-x86_64-fedora-clang, r-devel-linux-x86_64-fedora-gcc, r-devel-windows-x86_64
Version: 0.2.3
Check: installed package size
Result: NOTE
installed size is 6.7Mb
sub-directories of 1Mb or more:
libs 5.8Mb
Flavors: r-release-macos-arm64, r-release-macos-x86_64, r-oldrel-macos-arm64, r-oldrel-macos-x86_64