Last updated on 2024-05-04 09:49:45 CEST.
Flavor | Version | Tinstall | Tcheck | Ttotal | Status | Flags |
---|---|---|---|---|---|---|
r-devel-linux-x86_64-debian-clang | 0.2.2 | 3.51 | 54.01 | 57.52 | OK | |
r-devel-linux-x86_64-debian-gcc | 0.2.2 | 2.84 | 37.69 | 40.53 | OK | |
r-devel-linux-x86_64-fedora-clang | 0.2.2 | 69.55 | NOTE | |||
r-devel-linux-x86_64-fedora-gcc | 0.2.2 | 68.08 | OK | |||
r-devel-windows-x86_64 | 0.2.2 | 3.00 | 57.00 | 60.00 | OK | |
r-patched-linux-x86_64 | 0.2.2 | 3.95 | 48.82 | 52.77 | OK | |
r-release-linux-x86_64 | 0.2.2 | 3.18 | 50.91 | 54.09 | OK | |
r-release-macos-arm64 | 0.2.2 | 21.00 | OK | |||
r-release-windows-x86_64 | 0.2.2 | 3.00 | 64.00 | 67.00 | OK | |
r-oldrel-macos-arm64 | 0.2.2 | 27.00 | OK | |||
r-oldrel-macos-x86_64 | 0.2.2 | 55.00 | OK | |||
r-oldrel-windows-x86_64 | 0.2.2 | 5.00 | 63.00 | 68.00 | OK |
Version: 0.2.2
Check: package dependencies
Result: NOTE
Package suggested but not available for checking: ‘opencv’
Flavor: r-devel-linux-x86_64-fedora-clang