Last updated on 2024-04-19 10:57:36 CEST.
Flavor | Version | Tinstall | Tcheck | Ttotal | Status | Flags |
---|---|---|---|---|---|---|
r-devel-linux-x86_64-debian-clang | 1.0.0 | 1.83 | 21.03 | 22.86 | NOTE | |
r-devel-linux-x86_64-debian-gcc | 1.0.0 | NOTE | ||||
r-devel-linux-x86_64-fedora-clang | 1.0.0 | 29.02 | NOTE | |||
r-devel-linux-x86_64-fedora-gcc | 1.0.0 | 27.55 | NOTE | |||
r-prerel-macos-arm64 | 1.0.0 | 15.00 | NOTE | |||
r-prerel-windows-x86_64 | 1.0.0 | 2.00 | 37.00 | 39.00 | NOTE | |
r-patched-linux-x86_64 | 1.0.0 | 1.85 | 20.04 | 21.89 | NOTE | |
r-release-linux-x86_64 | 1.0.0 | 1.63 | 19.71 | 21.34 | NOTE | |
r-release-macos-arm64 | 1.0.0 | 16.00 | NOTE | |||
r-release-macos-x86_64 | 1.0.0 | 20.00 | NOTE | |||
r-release-windows-x86_64 | 1.0.0 | 3.00 | 36.00 | 39.00 | NOTE | |
r-oldrel-macos-arm64 | 1.0.0 | 19.00 | NOTE | |||
r-oldrel-windows-x86_64 | 1.0.0 | 3.00 | 41.00 | 44.00 | NOTE |
Version: 1.0.0
Check: LazyData
Result: NOTE
'LazyData' is specified without a 'data' directory
Flavors: r-devel-linux-x86_64-debian-clang, r-devel-linux-x86_64-debian-gcc, r-devel-linux-x86_64-fedora-clang, r-devel-linux-x86_64-fedora-gcc, r-prerel-macos-arm64, r-prerel-windows-x86_64, r-patched-linux-x86_64, r-release-linux-x86_64, r-release-macos-arm64, r-release-macos-x86_64, r-release-windows-x86_64, r-oldrel-macos-arm64, r-oldrel-windows-x86_64