Last updated on 2023-01-28 10:51:38 CET.
Flavor | Version | Tinstall | Tcheck | Ttotal | Status | Flags |
---|---|---|---|---|---|---|
r-devel-linux-x86_64-debian-clang | 2021.1.0 | 304.62 | 464.63 | 769.25 | OK | |
r-devel-linux-x86_64-debian-gcc | 2021.1.0 | 238.66 | 298.93 | 537.59 | NOTE | |
r-devel-linux-x86_64-fedora-clang | 2021.1.0 | 1053.78 | NOTE | |||
r-devel-linux-x86_64-fedora-gcc | 2021.1.0 | 965.72 | NOTE | |||
r-patched-linux-x86_64 | 2021.1.0 | 260.35 | 394.20 | 654.55 | OK | |
r-release-linux-x86_64 | 2021.1.0 | 263.79 | 404.26 | 668.05 | OK | |
r-release-macos-arm64 | 2021.1.0 | 217.00 | NOTE | |||
r-release-macos-x86_64 | 2021.1.0 | 275.00 | NOTE | |||
r-release-windows-x86_64 | 2021.1.0 | 282.00 | 562.00 | 844.00 | OK | |
r-oldrel-macos-arm64 | 2021.1.0 | 204.00 | NOTE | |||
r-oldrel-macos-x86_64 | 2021.1.0 | 285.00 | NOTE | |||
r-oldrel-windows-ix86+x86_64 | 2021.1.0 | 761.00 | 683.00 | 1444.00 | OK |
Version: 2021.1.0
Check: C++ specification
Result: NOTE
Specified C++11: please update to current default of C++17
Flavors: r-devel-linux-x86_64-debian-gcc, r-devel-linux-x86_64-fedora-clang, r-devel-linux-x86_64-fedora-gcc
Version: 2021.1.0
Check: installed package size
Result: NOTE
installed size is 7.9Mb
sub-directories of 1Mb or more:
libs 7.0Mb
Flavors: r-release-macos-arm64, r-release-macos-x86_64, r-oldrel-macos-arm64, r-oldrel-macos-x86_64