Last updated on 2024-04-23 10:54:13 CEST.
Flavor | Version | Tinstall | Tcheck | Ttotal | Status | Flags |
---|---|---|---|---|---|---|
r-devel-linux-x86_64-debian-clang | 0.6.1 | 7.12 | 73.06 | 80.18 | NOTE | |
r-devel-linux-x86_64-debian-gcc | 0.6.1 | 4.79 | 55.24 | 60.03 | NOTE | |
r-devel-linux-x86_64-fedora-clang | 0.6.1 | 102.44 | NOTE | |||
r-devel-linux-x86_64-fedora-gcc | 0.6.1 | 112.82 | NOTE | |||
r-prerel-macos-arm64 | 0.6.1 | 41.00 | NOTE | |||
r-prerel-windows-x86_64 | 0.6.1 | 8.00 | 73.00 | 81.00 | NOTE | --no-vignettes |
r-patched-linux-x86_64 | 0.6.1 | 7.58 | 67.35 | 74.93 | NOTE | |
r-release-linux-x86_64 | 0.6.1 | 6.31 | 66.15 | 72.46 | OK | |
r-release-macos-arm64 | 0.6.1 | 43.00 | OK | |||
r-release-macos-x86_64 | 0.6.1 | 66.00 | OK | |||
r-release-windows-x86_64 | 0.6.1 | 8.00 | 88.00 | 96.00 | OK | --no-vignettes |
r-oldrel-macos-arm64 | 0.6.1 | 32.00 | OK | |||
r-oldrel-windows-x86_64 | 0.6.1 | 9.00 | 90.00 | 99.00 | OK | --no-vignettes |
Version: 0.6.1
Check: Rd files
Result: NOTE
checkRd: (-1) dprime.Rd:37: Lost braces in \itemize; \value handles \item{}{} directly
checkRd: (-1) dprime.Rd:38: Lost braces in \itemize; \value handles \item{}{} directly
checkRd: (-1) dprime.Rd:39: Lost braces in \itemize; \value handles \item{}{} directly
checkRd: (-1) dprime.Rd:40: Lost braces in \itemize; \value handles \item{}{} directly
checkRd: (-1) dprime.Rd:41: Lost braces in \itemize; \value handles \item{}{} directly
Flavors: r-devel-linux-x86_64-debian-clang, r-devel-linux-x86_64-debian-gcc, r-devel-linux-x86_64-fedora-clang, r-devel-linux-x86_64-fedora-gcc, r-prerel-macos-arm64, r-patched-linux-x86_64
Version: 0.6.1
Flags: --no-vignettes
Check: Rd files
Result: NOTE
checkRd: (-1) dprime.Rd:37: Lost braces in \itemize; \value handles \item{}{} directly
checkRd: (-1) dprime.Rd:38: Lost braces in \itemize; \value handles \item{}{} directly
checkRd: (-1) dprime.Rd:39: Lost braces in \itemize; \value handles \item{}{} directly
checkRd: (-1) dprime.Rd:40: Lost braces in \itemize; \value handles \item{}{} directly
checkRd: (-1) dprime.Rd:41: Lost braces in \itemize; \value handles \item{}{} directly
Flavor: r-prerel-windows-x86_64