Last updated on 2021-01-15 10:50:27 CET.
Flavor | Version | Tinstall | Tcheck | Ttotal | Status | Flags |
---|---|---|---|---|---|---|
r-devel-linux-x86_64-debian-clang | 0.5.0 | 4.79 | 58.86 | 63.65 | OK | |
r-devel-linux-x86_64-debian-gcc | 0.5.0 | 3.26 | 45.14 | 48.40 | OK | |
r-devel-linux-x86_64-fedora-clang | 0.5.0 | 84.19 | NOTE | |||
r-devel-linux-x86_64-fedora-gcc | 0.5.0 | 77.94 | NOTE | |||
r-devel-windows-ix86+x86_64 | 0.5.0 | 14.00 | 76.00 | 90.00 | OK | --no-vignettes |
r-patched-linux-x86_64 | 0.5.0 | 5.11 | 55.62 | 60.73 | OK | |
r-patched-solaris-x86 | 0.5.0 | 118.60 | NOTE | |||
r-release-linux-x86_64 | 0.5.0 | 4.58 | 55.76 | 60.34 | OK | |
r-release-macos-x86_64 | 0.5.0 | NOTE | ||||
r-release-windows-ix86+x86_64 | 0.5.0 | 10.00 | 67.00 | 77.00 | OK | --no-vignettes |
r-oldrel-macos-x86_64 | 0.5.0 | NOTE | ||||
r-oldrel-windows-ix86+x86_64 | 0.5.0 | 7.00 | 54.00 | 61.00 | OK | --no-vignettes |
Version: 0.5.0
Check: dependencies in R code
Result: NOTE
Namespaces in Imports field not imported from:
‘methods’ ‘performance’ ‘tidyr’
All declared Imports should be used.
Flavors: r-devel-linux-x86_64-fedora-clang, r-devel-linux-x86_64-fedora-gcc, r-patched-solaris-x86, r-release-macos-x86_64, r-oldrel-macos-x86_64