CRAN Package Check Results for Package psqn

Last updated on 2023-03-31 10:51:27 CEST.

Flavor Version Tinstall Tcheck Ttotal Status Flags
r-devel-linux-x86_64-debian-clang 0.3.1 71.22 151.81 223.03 NOTE
r-devel-linux-x86_64-debian-gcc 0.3.1 69.20 113.50 182.70 NOTE
r-devel-linux-x86_64-fedora-clang 0.3.1 303.73 NOTE
r-devel-linux-x86_64-fedora-gcc 0.3.1 306.43 NOTE
r-devel-windows-x86_64 0.3.1 86.00 0.00 86.00 NOTE
r-patched-linux-x86_64 0.3.1 71.85 141.65 213.50 NOTE
r-release-linux-x86_64 0.3.1 52.53 139.12 191.65 OK
r-release-macos-arm64 0.3.1 60.00 NOTE
r-release-macos-x86_64 0.3.1 96.00 NOTE
r-release-windows-x86_64 0.3.1 83.00 202.00 285.00 OK
r-oldrel-macos-arm64 0.3.1 62.00 NOTE
r-oldrel-macos-x86_64 0.3.1 73.00 NOTE
r-oldrel-windows-ix86+x86_64 0.3.1 180.00 272.00 452.00 OK

Check Details

Version: 0.3.1
Check: C++ specification
Result: NOTE
     Specified C++11: please drop specification unless essential
Flavors: r-devel-linux-x86_64-debian-clang, r-devel-linux-x86_64-debian-gcc, r-devel-linux-x86_64-fedora-clang, r-devel-linux-x86_64-fedora-gcc, r-devel-windows-x86_64, r-patched-linux-x86_64

Version: 0.3.1
Check: installed package size
Result: NOTE
     installed size is 11.9Mb
     sub-directories of 1Mb or more:
     libs 11.2Mb
Flavors: r-release-macos-arm64, r-release-macos-x86_64, r-oldrel-macos-arm64, r-oldrel-macos-x86_64