Last updated on 2024-03-29 11:54:02 CET.
Flavor | Version | Tinstall | Tcheck | Ttotal | Status | Flags |
---|---|---|---|---|---|---|
r-devel-linux-x86_64-debian-clang | 0.3-21 | 315.41 | 107.51 | 422.92 | OK | |
r-devel-linux-x86_64-debian-gcc | 0.3-21 | 232.10 | 81.23 | 313.33 | OK | |
r-devel-linux-x86_64-fedora-clang | 0.3-21 | 625.98 | OK | |||
r-devel-linux-x86_64-fedora-gcc | 0.3-21 | 601.95 | OK | |||
r-devel-windows-x86_64 | 0.3-21 | 230.00 | 116.00 | 346.00 | OK | |
r-patched-linux-x86_64 | 0.3-21 | 297.97 | 103.81 | 401.78 | OK | |
r-release-linux-x86_64 | 0.3-21 | 271.15 | 104.08 | 375.23 | OK | |
r-release-macos-arm64 | 0.3-21 | 116.00 | NOTE | |||
r-release-macos-x86_64 | 0.3-21 | 160.00 | NOTE | |||
r-release-windows-x86_64 | 0.3-21 | 286.00 | 137.00 | 423.00 | OK | |
r-oldrel-macos-arm64 | 0.3-21 | 105.00 | NOTE | |||
r-oldrel-windows-x86_64 | 0.3-21 | 279.00 | 141.00 | 420.00 | OK |
Version: 0.3-21
Check: installed package size
Result: NOTE
installed size is 7.4Mb
sub-directories of 1Mb or more:
libs 7.3Mb
Flavors: r-release-macos-arm64, r-release-macos-x86_64, r-oldrel-macos-arm64